{"id":1283,"date":"2015-12-16T12:09:15","date_gmt":"2015-12-16T12:09:15","guid":{"rendered":"http:\/\/www.zsskolnivr.cz\/?page_id=1283"},"modified":"2018-11-23T09:18:43","modified_gmt":"2018-11-23T09:18:43","slug":"sportovni-gymnastika","status":"publish","type":"page","link":"https:\/\/www.zsskolnivr.cz\/?page_id=1283","title":{"rendered":"Sportovn\u00ed gymnastika"},"content":{"rendered":"<p><strong><span style=\"color: #ff0000;\">2018\/2019<\/span><\/strong><\/p>\n<p>Informace k prvn\u00ed hodin\u011b a d\u011blen\u00ed do skupin:<br \/>\n<a href=\"https:\/\/www.zsskolnivr.cz\/wp-content\/files\/sport\/spgpokyny18.pdf\"><u>pokyny<\/u><\/a><\/p>\n<p><a href=\"https:\/\/www.zsskolnivr.cz\/wp-content\/files\/sport\/spgseznam18.pdf\"><u>seznamy skupin<\/u><\/a><\/p>\n<p>UPOZORN\u011aN\u00cd<\/p>\n<p>Po p\u0159ihl\u00e1\u0161en\u00ed je doch\u00e1zka povinn\u00e1 a p\u0159edm\u011bt je klasifikovan\u00fd<br \/>\nna vysv\u011bd\u010den\u00ed, absence je proto nutn\u00e9 omlouvat p\u00edsemn\u011b nebo telefonicky (499421563). Pro nov\u00e9 cvi\u010dence m\u00e1me m\u011bs\u00edc na rozmy\u0161lenou, zda je tento p\u0159edm\u011bt pro n\u011b vhodn\u00fd, jinak je nutn\u00e9 dochodit alespo\u0148 pololet\u00ed.<\/p>\n<p>&nbsp;<\/p>\n<p>&nbsp;<\/p>\n<p>&nbsp;<\/p>\n<p>&nbsp;<\/p>\n<p>&nbsp;<\/p>\n<p><span style=\"color: #ff0000;\">2015\/2016<\/span><br \/>\nNa nepovinn\u00fd p\u0159edm\u011bt &#8211; sportovn\u00ed gymnastiku- je v leto\u0161n\u00edm \u0161koln\u00edm roce p\u0159ihl\u00e1\u0161eno 29 d\u011bt\u00ed. Jsou rozd\u011bleny do skupin podle v\u011bku a v\u00fdkonnosti. Pro \u010d\u00e1st d\u011bt\u00ed je to z\u00e1jmov\u00fd \u00fatvar, kde si pos\u00edl\u00ed a prot\u00e1hnou svaly, pro dal\u0161\u00ed je to prost\u0159edek ke zvy\u0161ov\u00e1n\u00ed v\u00fdkonnosti a z\u00e1vodn\u00ed \u00farovn\u011b.<\/p>\n<p>D\u011bti cvi\u010d\u00ed na \u017e\u00edn\u011bnk\u00e1ch i gymnastick\u00e9m n\u00e1\u0159ad\u00ed a sv\u00e9 pokroky p\u0159edv\u00e1d\u011bj\u00ed rodi\u010d\u016fm \u010di ve\u0159ejnosti p\u0159i r\u016fzn\u00fdch slavnostn\u00edch nebo\u00a0sportovn\u00edch p\u0159\u00edle\u017eitostech.<\/p>\n<p><strong>Nejbli\u017e\u0161\u00ed term\u00edn, kdy je mo\u017en\u00e9 gymnastky (letos m\u00e1me jen d\u00edvky) spat\u0159it, je Z\u00c1PIS DO PRVN\u00cdCH T\u0158\u00cdD 19.1.2016<\/strong><\/p>\n<p><!-- index.php -->\n<div\n\tclass=\"ngg-galleryoverview\n\t ngg-ajax-pagination-none\t\"\n\tid=\"ngg-gallery-3d23a73a23c638fc15f93e056e6c5270-1\">\n\n\t\t\t<!-- Thumbnails -->\n\t\t\t\t<div id=\"ngg-image-0\" class=\"ngg-gallery-thumbnail-box\"\n\t\t\t\t\t\t\t\t\t\t\t>\n\t\t\t\t\t\t<div class=\"ngg-gallery-thumbnail\">\n\t\t\t<a href=\"http:\/\/www.zsskolnivr.cz\/wp-content\/gallery\/gymnastika_zapis-1\/P1190033.JPG\"\n\t\t\t\ttitle=\"\"\n\t\t\t\tdata-src=\"http:\/\/www.zsskolnivr.cz\/wp-content\/gallery\/gymnastika_zapis-1\/P1190033.JPG\"\n\t\t\t\tdata-thumbnail=\"http:\/\/www.zsskolnivr.cz\/wp-content\/gallery\/gymnastika_zapis-1\/thumbs\/thumbs_P1190033.JPG\"\n\t\t\t\tdata-image-id=\"867\"\n\t\t\t\tdata-title=\"P1190033\"\n\t\t\t\tdata-description=\"\"\n\t\t\t\tdata-image-slug=\"p1190033\"\n\t\t\t\tclass=\"ngg-fancybox\" rel=\"3d23a73a23c638fc15f93e056e6c5270\">\n\t\t\t\t<img\n\t\t\t\t\ttitle=\"P1190033\"\n\t\t\t\t\talt=\"P1190033\"\n\t\t\t\t\tsrc=\"http:\/\/www.zsskolnivr.cz\/wp-content\/gallery\/gymnastika_zapis-1\/cache\/P1190033.JPG-nggid03867-ngg0dyn-60x40x100-00f0w010c011r110f110r010t010.JPG\"\n\t\t\t\t\twidth=\"60\"\n\t\t\t\t\theight=\"40\"\n\t\t\t\t\tstyle=\"max-width:100%;\"\n\t\t\t\t\/>\n\t\t\t<\/a>\n\t\t<\/div>\n\t\t\t\t\t\t\t<\/div>\n\t\t\t\n\t\t\t\t\t\t\t\n\t\t\t\t<div id=\"ngg-image-1\" class=\"ngg-gallery-thumbnail-box\"\n\t\t\t\t\t\t\t\t\t\t\t>\n\t\t\t\t\t\t<div class=\"ngg-gallery-thumbnail\">\n\t\t\t<a href=\"http:\/\/www.zsskolnivr.cz\/wp-content\/gallery\/gymnastika_zapis-1\/P1190051.JPG\"\n\t\t\t\ttitle=\"\"\n\t\t\t\tdata-src=\"http:\/\/www.zsskolnivr.cz\/wp-content\/gallery\/gymnastika_zapis-1\/P1190051.JPG\"\n\t\t\t\tdata-thumbnail=\"http:\/\/www.zsskolnivr.cz\/wp-content\/gallery\/gymnastika_zapis-1\/thumbs\/thumbs_P1190051.JPG\"\n\t\t\t\tdata-image-id=\"876\"\n\t\t\t\tdata-title=\"P1190051\"\n\t\t\t\tdata-description=\"\"\n\t\t\t\tdata-image-slug=\"p1190051\"\n\t\t\t\tclass=\"ngg-fancybox\" rel=\"3d23a73a23c638fc15f93e056e6c5270\">\n\t\t\t\t<img\n\t\t\t\t\ttitle=\"P1190051\"\n\t\t\t\t\talt=\"P1190051\"\n\t\t\t\t\tsrc=\"http:\/\/www.zsskolnivr.cz\/wp-content\/gallery\/gymnastika_zapis-1\/cache\/P1190051.JPG-nggid03876-ngg0dyn-60x40x100-00f0w010c011r110f110r010t010.JPG\"\n\t\t\t\t\twidth=\"60\"\n\t\t\t\t\theight=\"40\"\n\t\t\t\t\tstyle=\"max-width:100%;\"\n\t\t\t\t\/>\n\t\t\t<\/a>\n\t\t<\/div>\n\t\t\t\t\t\t\t<\/div>\n\t\t\t\n\t\t\t\t\t\t\t\n\t\t\t\t<div id=\"ngg-image-2\" class=\"ngg-gallery-thumbnail-box\"\n\t\t\t\t\t\t\t\t\t\t\t>\n\t\t\t\t\t\t<div class=\"ngg-gallery-thumbnail\">\n\t\t\t<a href=\"http:\/\/www.zsskolnivr.cz\/wp-content\/gallery\/gymnastika_zapis-1\/P1190048.JPG\"\n\t\t\t\ttitle=\"\"\n\t\t\t\tdata-src=\"http:\/\/www.zsskolnivr.cz\/wp-content\/gallery\/gymnastika_zapis-1\/P1190048.JPG\"\n\t\t\t\tdata-thumbnail=\"http:\/\/www.zsskolnivr.cz\/wp-content\/gallery\/gymnastika_zapis-1\/thumbs\/thumbs_P1190048.JPG\"\n\t\t\t\tdata-image-id=\"875\"\n\t\t\t\tdata-title=\"P1190048\"\n\t\t\t\tdata-description=\"\"\n\t\t\t\tdata-image-slug=\"p1190048\"\n\t\t\t\tclass=\"ngg-fancybox\" rel=\"3d23a73a23c638fc15f93e056e6c5270\">\n\t\t\t\t<img\n\t\t\t\t\ttitle=\"P1190048\"\n\t\t\t\t\talt=\"P1190048\"\n\t\t\t\t\tsrc=\"http:\/\/www.zsskolnivr.cz\/wp-content\/gallery\/gymnastika_zapis-1\/cache\/P1190048.JPG-nggid03875-ngg0dyn-60x40x100-00f0w010c011r110f110r010t010.JPG\"\n\t\t\t\t\twidth=\"60\"\n\t\t\t\t\theight=\"40\"\n\t\t\t\t\tstyle=\"max-width:100%;\"\n\t\t\t\t\/>\n\t\t\t<\/a>\n\t\t<\/div>\n\t\t\t\t\t\t\t<\/div>\n\t\t\t\n\t\t\t\t\t\t\t\n\t\t\t\t<div id=\"ngg-image-3\" class=\"ngg-gallery-thumbnail-box\"\n\t\t\t\t\t\t\t\t\t\t\t>\n\t\t\t\t\t\t<div class=\"ngg-gallery-thumbnail\">\n\t\t\t<a href=\"http:\/\/www.zsskolnivr.cz\/wp-content\/gallery\/gymnastika_zapis-1\/P1190044.JPG\"\n\t\t\t\ttitle=\"\"\n\t\t\t\tdata-src=\"http:\/\/www.zsskolnivr.cz\/wp-content\/gallery\/gymnastika_zapis-1\/P1190044.JPG\"\n\t\t\t\tdata-thumbnail=\"http:\/\/www.zsskolnivr.cz\/wp-content\/gallery\/gymnastika_zapis-1\/thumbs\/thumbs_P1190044.JPG\"\n\t\t\t\tdata-image-id=\"874\"\n\t\t\t\tdata-title=\"P1190044\"\n\t\t\t\tdata-description=\"\"\n\t\t\t\tdata-image-slug=\"p1190044\"\n\t\t\t\tclass=\"ngg-fancybox\" rel=\"3d23a73a23c638fc15f93e056e6c5270\">\n\t\t\t\t<img\n\t\t\t\t\ttitle=\"P1190044\"\n\t\t\t\t\talt=\"P1190044\"\n\t\t\t\t\tsrc=\"http:\/\/www.zsskolnivr.cz\/wp-content\/gallery\/gymnastika_zapis-1\/cache\/P1190044.JPG-nggid03874-ngg0dyn-60x40x100-00f0w010c011r110f110r010t010.JPG\"\n\t\t\t\t\twidth=\"60\"\n\t\t\t\t\theight=\"40\"\n\t\t\t\t\tstyle=\"max-width:100%;\"\n\t\t\t\t\/>\n\t\t\t<\/a>\n\t\t<\/div>\n\t\t\t\t\t\t\t<\/div>\n\t\t\t\n\t\t\t\t\t\t\t\t\t<br style=\"clear: both\" \/>\n\t\t\t\t\t\n\t\t\t\t<div id=\"ngg-image-4\" class=\"ngg-gallery-thumbnail-box\"\n\t\t\t\t\t\t\t\t\t\t\t>\n\t\t\t\t\t\t<div class=\"ngg-gallery-thumbnail\">\n\t\t\t<a href=\"http:\/\/www.zsskolnivr.cz\/wp-content\/gallery\/gymnastika_zapis-1\/P1190043.JPG\"\n\t\t\t\ttitle=\"\"\n\t\t\t\tdata-src=\"http:\/\/www.zsskolnivr.cz\/wp-content\/gallery\/gymnastika_zapis-1\/P1190043.JPG\"\n\t\t\t\tdata-thumbnail=\"http:\/\/www.zsskolnivr.cz\/wp-content\/gallery\/gymnastika_zapis-1\/thumbs\/thumbs_P1190043.JPG\"\n\t\t\t\tdata-image-id=\"873\"\n\t\t\t\tdata-title=\"P1190043\"\n\t\t\t\tdata-description=\"\"\n\t\t\t\tdata-image-slug=\"p1190043\"\n\t\t\t\tclass=\"ngg-fancybox\" rel=\"3d23a73a23c638fc15f93e056e6c5270\">\n\t\t\t\t<img\n\t\t\t\t\ttitle=\"P1190043\"\n\t\t\t\t\talt=\"P1190043\"\n\t\t\t\t\tsrc=\"http:\/\/www.zsskolnivr.cz\/wp-content\/gallery\/gymnastika_zapis-1\/cache\/P1190043.JPG-nggid03873-ngg0dyn-60x40x100-00f0w010c011r110f110r010t010.JPG\"\n\t\t\t\t\twidth=\"60\"\n\t\t\t\t\theight=\"40\"\n\t\t\t\t\tstyle=\"max-width:100%;\"\n\t\t\t\t\/>\n\t\t\t<\/a>\n\t\t<\/div>\n\t\t\t\t\t\t\t<\/div>\n\t\t\t\n\t\t\t\t\t\t\t\n\t\t\t\t<div id=\"ngg-image-5\" class=\"ngg-gallery-thumbnail-box\"\n\t\t\t\t\t\t\t\t\t\t\t>\n\t\t\t\t\t\t<div class=\"ngg-gallery-thumbnail\">\n\t\t\t<a href=\"http:\/\/www.zsskolnivr.cz\/wp-content\/gallery\/gymnastika_zapis-1\/P1190042.JPG\"\n\t\t\t\ttitle=\"\"\n\t\t\t\tdata-src=\"http:\/\/www.zsskolnivr.cz\/wp-content\/gallery\/gymnastika_zapis-1\/P1190042.JPG\"\n\t\t\t\tdata-thumbnail=\"http:\/\/www.zsskolnivr.cz\/wp-content\/gallery\/gymnastika_zapis-1\/thumbs\/thumbs_P1190042.JPG\"\n\t\t\t\tdata-image-id=\"872\"\n\t\t\t\tdata-title=\"P1190042\"\n\t\t\t\tdata-description=\"\"\n\t\t\t\tdata-image-slug=\"p1190042\"\n\t\t\t\tclass=\"ngg-fancybox\" rel=\"3d23a73a23c638fc15f93e056e6c5270\">\n\t\t\t\t<img\n\t\t\t\t\ttitle=\"P1190042\"\n\t\t\t\t\talt=\"P1190042\"\n\t\t\t\t\tsrc=\"http:\/\/www.zsskolnivr.cz\/wp-content\/gallery\/gymnastika_zapis-1\/cache\/P1190042.JPG-nggid03872-ngg0dyn-60x40x100-00f0w010c011r110f110r010t010.JPG\"\n\t\t\t\t\twidth=\"60\"\n\t\t\t\t\theight=\"40\"\n\t\t\t\t\tstyle=\"max-width:100%;\"\n\t\t\t\t\/>\n\t\t\t<\/a>\n\t\t<\/div>\n\t\t\t\t\t\t\t<\/div>\n\t\t\t\n\t\t\t\t\t\t\t\n\t\t\t\t<div id=\"ngg-image-6\" class=\"ngg-gallery-thumbnail-box\"\n\t\t\t\t\t\t\t\t\t\t\t>\n\t\t\t\t\t\t<div class=\"ngg-gallery-thumbnail\">\n\t\t\t<a href=\"http:\/\/www.zsskolnivr.cz\/wp-content\/gallery\/gymnastika_zapis-1\/P1190038.JPG\"\n\t\t\t\ttitle=\"\"\n\t\t\t\tdata-src=\"http:\/\/www.zsskolnivr.cz\/wp-content\/gallery\/gymnastika_zapis-1\/P1190038.JPG\"\n\t\t\t\tdata-thumbnail=\"http:\/\/www.zsskolnivr.cz\/wp-content\/gallery\/gymnastika_zapis-1\/thumbs\/thumbs_P1190038.JPG\"\n\t\t\t\tdata-image-id=\"871\"\n\t\t\t\tdata-title=\"P1190038\"\n\t\t\t\tdata-description=\"\"\n\t\t\t\tdata-image-slug=\"p1190038\"\n\t\t\t\tclass=\"ngg-fancybox\" rel=\"3d23a73a23c638fc15f93e056e6c5270\">\n\t\t\t\t<img\n\t\t\t\t\ttitle=\"P1190038\"\n\t\t\t\t\talt=\"P1190038\"\n\t\t\t\t\tsrc=\"http:\/\/www.zsskolnivr.cz\/wp-content\/gallery\/gymnastika_zapis-1\/cache\/P1190038.JPG-nggid03871-ngg0dyn-60x40x100-00f0w010c011r110f110r010t010.JPG\"\n\t\t\t\t\twidth=\"60\"\n\t\t\t\t\theight=\"40\"\n\t\t\t\t\tstyle=\"max-width:100%;\"\n\t\t\t\t\/>\n\t\t\t<\/a>\n\t\t<\/div>\n\t\t\t\t\t\t\t<\/div>\n\t\t\t\n\t\t\t\t\t\t\t\n\t\t\t\t<div id=\"ngg-image-7\" class=\"ngg-gallery-thumbnail-box\"\n\t\t\t\t\t\t\t\t\t\t\t>\n\t\t\t\t\t\t<div class=\"ngg-gallery-thumbnail\">\n\t\t\t<a href=\"http:\/\/www.zsskolnivr.cz\/wp-content\/gallery\/gymnastika_zapis-1\/P1190037.JPG\"\n\t\t\t\ttitle=\"\"\n\t\t\t\tdata-src=\"http:\/\/www.zsskolnivr.cz\/wp-content\/gallery\/gymnastika_zapis-1\/P1190037.JPG\"\n\t\t\t\tdata-thumbnail=\"http:\/\/www.zsskolnivr.cz\/wp-content\/gallery\/gymnastika_zapis-1\/thumbs\/thumbs_P1190037.JPG\"\n\t\t\t\tdata-image-id=\"870\"\n\t\t\t\tdata-title=\"P1190037\"\n\t\t\t\tdata-description=\"\"\n\t\t\t\tdata-image-slug=\"p1190037\"\n\t\t\t\tclass=\"ngg-fancybox\" rel=\"3d23a73a23c638fc15f93e056e6c5270\">\n\t\t\t\t<img\n\t\t\t\t\ttitle=\"P1190037\"\n\t\t\t\t\talt=\"P1190037\"\n\t\t\t\t\tsrc=\"http:\/\/www.zsskolnivr.cz\/wp-content\/gallery\/gymnastika_zapis-1\/cache\/P1190037.JPG-nggid03870-ngg0dyn-60x40x100-00f0w010c011r110f110r010t010.JPG\"\n\t\t\t\t\twidth=\"60\"\n\t\t\t\t\theight=\"40\"\n\t\t\t\t\tstyle=\"max-width:100%;\"\n\t\t\t\t\/>\n\t\t\t<\/a>\n\t\t<\/div>\n\t\t\t\t\t\t\t<\/div>\n\t\t\t\n\t\t\t\t\t\t\t\t\t<br style=\"clear: both\" \/>\n\t\t\t\t\t\n\t\t\t\t<div id=\"ngg-image-8\" class=\"ngg-gallery-thumbnail-box\"\n\t\t\t\t\t\t\t\t\t\t\t>\n\t\t\t\t\t\t<div class=\"ngg-gallery-thumbnail\">\n\t\t\t<a href=\"http:\/\/www.zsskolnivr.cz\/wp-content\/gallery\/gymnastika_zapis-1\/P1190036.JPG\"\n\t\t\t\ttitle=\"\"\n\t\t\t\tdata-src=\"http:\/\/www.zsskolnivr.cz\/wp-content\/gallery\/gymnastika_zapis-1\/P1190036.JPG\"\n\t\t\t\tdata-thumbnail=\"http:\/\/www.zsskolnivr.cz\/wp-content\/gallery\/gymnastika_zapis-1\/thumbs\/thumbs_P1190036.JPG\"\n\t\t\t\tdata-image-id=\"869\"\n\t\t\t\tdata-title=\"P1190036\"\n\t\t\t\tdata-description=\"\"\n\t\t\t\tdata-image-slug=\"p1190036\"\n\t\t\t\tclass=\"ngg-fancybox\" rel=\"3d23a73a23c638fc15f93e056e6c5270\">\n\t\t\t\t<img\n\t\t\t\t\ttitle=\"P1190036\"\n\t\t\t\t\talt=\"P1190036\"\n\t\t\t\t\tsrc=\"http:\/\/www.zsskolnivr.cz\/wp-content\/gallery\/gymnastika_zapis-1\/cache\/P1190036.JPG-nggid03869-ngg0dyn-60x40x100-00f0w010c011r110f110r010t010.JPG\"\n\t\t\t\t\twidth=\"60\"\n\t\t\t\t\theight=\"40\"\n\t\t\t\t\tstyle=\"max-width:100%;\"\n\t\t\t\t\/>\n\t\t\t<\/a>\n\t\t<\/div>\n\t\t\t\t\t\t\t<\/div>\n\t\t\t\n\t\t\t\t\t\t\t\n\t\t\t\t<div id=\"ngg-image-9\" class=\"ngg-gallery-thumbnail-box\"\n\t\t\t\t\t\t\t\t\t\t\t>\n\t\t\t\t\t\t<div class=\"ngg-gallery-thumbnail\">\n\t\t\t<a href=\"http:\/\/www.zsskolnivr.cz\/wp-content\/gallery\/gymnastika_zapis-1\/P1190034.JPG\"\n\t\t\t\ttitle=\"\"\n\t\t\t\tdata-src=\"http:\/\/www.zsskolnivr.cz\/wp-content\/gallery\/gymnastika_zapis-1\/P1190034.JPG\"\n\t\t\t\tdata-thumbnail=\"http:\/\/www.zsskolnivr.cz\/wp-content\/gallery\/gymnastika_zapis-1\/thumbs\/thumbs_P1190034.JPG\"\n\t\t\t\tdata-image-id=\"868\"\n\t\t\t\tdata-title=\"P1190034\"\n\t\t\t\tdata-description=\"\"\n\t\t\t\tdata-image-slug=\"p1190034\"\n\t\t\t\tclass=\"ngg-fancybox\" rel=\"3d23a73a23c638fc15f93e056e6c5270\">\n\t\t\t\t<img\n\t\t\t\t\ttitle=\"P1190034\"\n\t\t\t\t\talt=\"P1190034\"\n\t\t\t\t\tsrc=\"http:\/\/www.zsskolnivr.cz\/wp-content\/gallery\/gymnastika_zapis-1\/cache\/P1190034.JPG-nggid03868-ngg0dyn-60x40x100-00f0w010c011r110f110r010t010.JPG\"\n\t\t\t\t\twidth=\"60\"\n\t\t\t\t\theight=\"40\"\n\t\t\t\t\tstyle=\"max-width:100%;\"\n\t\t\t\t\/>\n\t\t\t<\/a>\n\t\t<\/div>\n\t\t\t\t\t\t\t<\/div>\n\t\t\t\n\t\t\t\t\t\t\t\n\t\t\t\t<div id=\"ngg-image-10\" class=\"ngg-gallery-thumbnail-box\"\n\t\t\t\t\t\t\t\t\t\t\t>\n\t\t\t\t\t\t<div class=\"ngg-gallery-thumbnail\">\n\t\t\t<a href=\"http:\/\/www.zsskolnivr.cz\/wp-content\/gallery\/gymnastika_zapis-1\/P1190015.JPG\"\n\t\t\t\ttitle=\"\"\n\t\t\t\tdata-src=\"http:\/\/www.zsskolnivr.cz\/wp-content\/gallery\/gymnastika_zapis-1\/P1190015.JPG\"\n\t\t\t\tdata-thumbnail=\"http:\/\/www.zsskolnivr.cz\/wp-content\/gallery\/gymnastika_zapis-1\/thumbs\/thumbs_P1190015.JPG\"\n\t\t\t\tdata-image-id=\"858\"\n\t\t\t\tdata-title=\"P1190015\"\n\t\t\t\tdata-description=\"\"\n\t\t\t\tdata-image-slug=\"p1190015\"\n\t\t\t\tclass=\"ngg-fancybox\" rel=\"3d23a73a23c638fc15f93e056e6c5270\">\n\t\t\t\t<img\n\t\t\t\t\ttitle=\"P1190015\"\n\t\t\t\t\talt=\"P1190015\"\n\t\t\t\t\tsrc=\"http:\/\/www.zsskolnivr.cz\/wp-content\/gallery\/gymnastika_zapis-1\/cache\/P1190015.JPG-nggid03858-ngg0dyn-60x40x100-00f0w010c011r110f110r010t010.JPG\"\n\t\t\t\t\twidth=\"60\"\n\t\t\t\t\theight=\"40\"\n\t\t\t\t\tstyle=\"max-width:100%;\"\n\t\t\t\t\/>\n\t\t\t<\/a>\n\t\t<\/div>\n\t\t\t\t\t\t\t<\/div>\n\t\t\t\n\t\t\t\t\t\t\t\n\t\t\t\t<div id=\"ngg-image-11\" class=\"ngg-gallery-thumbnail-box\"\n\t\t\t\t\t\t\t\t\t\t\t>\n\t\t\t\t\t\t<div class=\"ngg-gallery-thumbnail\">\n\t\t\t<a href=\"http:\/\/www.zsskolnivr.cz\/wp-content\/gallery\/gymnastika_zapis-1\/P1190032.JPG\"\n\t\t\t\ttitle=\"\"\n\t\t\t\tdata-src=\"http:\/\/www.zsskolnivr.cz\/wp-content\/gallery\/gymnastika_zapis-1\/P1190032.JPG\"\n\t\t\t\tdata-thumbnail=\"http:\/\/www.zsskolnivr.cz\/wp-content\/gallery\/gymnastika_zapis-1\/thumbs\/thumbs_P1190032.JPG\"\n\t\t\t\tdata-image-id=\"866\"\n\t\t\t\tdata-title=\"P1190032\"\n\t\t\t\tdata-description=\"\"\n\t\t\t\tdata-image-slug=\"p1190032\"\n\t\t\t\tclass=\"ngg-fancybox\" rel=\"3d23a73a23c638fc15f93e056e6c5270\">\n\t\t\t\t<img\n\t\t\t\t\ttitle=\"P1190032\"\n\t\t\t\t\talt=\"P1190032\"\n\t\t\t\t\tsrc=\"http:\/\/www.zsskolnivr.cz\/wp-content\/gallery\/gymnastika_zapis-1\/cache\/P1190032.JPG-nggid03866-ngg0dyn-60x40x100-00f0w010c011r110f110r010t010.JPG\"\n\t\t\t\t\twidth=\"60\"\n\t\t\t\t\theight=\"40\"\n\t\t\t\t\tstyle=\"max-width:100%;\"\n\t\t\t\t\/>\n\t\t\t<\/a>\n\t\t<\/div>\n\t\t\t\t\t\t\t<\/div>\n\t\t\t\n\t\t\t\t\t\t\t\t\t<br style=\"clear: both\" \/>\n\t\t\t\t\t\n\t\t\t\t<div id=\"ngg-image-12\" class=\"ngg-gallery-thumbnail-box\"\n\t\t\t\t\t\t\t\t\t\t\t>\n\t\t\t\t\t\t<div class=\"ngg-gallery-thumbnail\">\n\t\t\t<a href=\"http:\/\/www.zsskolnivr.cz\/wp-content\/gallery\/gymnastika_zapis-1\/P1190029.JPG\"\n\t\t\t\ttitle=\"\"\n\t\t\t\tdata-src=\"http:\/\/www.zsskolnivr.cz\/wp-content\/gallery\/gymnastika_zapis-1\/P1190029.JPG\"\n\t\t\t\tdata-thumbnail=\"http:\/\/www.zsskolnivr.cz\/wp-content\/gallery\/gymnastika_zapis-1\/thumbs\/thumbs_P1190029.JPG\"\n\t\t\t\tdata-image-id=\"865\"\n\t\t\t\tdata-title=\"P1190029\"\n\t\t\t\tdata-description=\"\"\n\t\t\t\tdata-image-slug=\"p1190029\"\n\t\t\t\tclass=\"ngg-fancybox\" rel=\"3d23a73a23c638fc15f93e056e6c5270\">\n\t\t\t\t<img\n\t\t\t\t\ttitle=\"P1190029\"\n\t\t\t\t\talt=\"P1190029\"\n\t\t\t\t\tsrc=\"http:\/\/www.zsskolnivr.cz\/wp-content\/gallery\/gymnastika_zapis-1\/cache\/P1190029.JPG-nggid03865-ngg0dyn-60x40x100-00f0w010c011r110f110r010t010.JPG\"\n\t\t\t\t\twidth=\"60\"\n\t\t\t\t\theight=\"40\"\n\t\t\t\t\tstyle=\"max-width:100%;\"\n\t\t\t\t\/>\n\t\t\t<\/a>\n\t\t<\/div>\n\t\t\t\t\t\t\t<\/div>\n\t\t\t\n\t\t\t\t\t\t\t\n\t\t\t\t<div id=\"ngg-image-13\" class=\"ngg-gallery-thumbnail-box\"\n\t\t\t\t\t\t\t\t\t\t\t>\n\t\t\t\t\t\t<div class=\"ngg-gallery-thumbnail\">\n\t\t\t<a href=\"http:\/\/www.zsskolnivr.cz\/wp-content\/gallery\/gymnastika_zapis-1\/P1190027.JPG\"\n\t\t\t\ttitle=\"\"\n\t\t\t\tdata-src=\"http:\/\/www.zsskolnivr.cz\/wp-content\/gallery\/gymnastika_zapis-1\/P1190027.JPG\"\n\t\t\t\tdata-thumbnail=\"http:\/\/www.zsskolnivr.cz\/wp-content\/gallery\/gymnastika_zapis-1\/thumbs\/thumbs_P1190027.JPG\"\n\t\t\t\tdata-image-id=\"864\"\n\t\t\t\tdata-title=\"P1190027\"\n\t\t\t\tdata-description=\"\"\n\t\t\t\tdata-image-slug=\"p1190027\"\n\t\t\t\tclass=\"ngg-fancybox\" rel=\"3d23a73a23c638fc15f93e056e6c5270\">\n\t\t\t\t<img\n\t\t\t\t\ttitle=\"P1190027\"\n\t\t\t\t\talt=\"P1190027\"\n\t\t\t\t\tsrc=\"http:\/\/www.zsskolnivr.cz\/wp-content\/gallery\/gymnastika_zapis-1\/cache\/P1190027.JPG-nggid03864-ngg0dyn-60x40x100-00f0w010c011r110f110r010t010.JPG\"\n\t\t\t\t\twidth=\"60\"\n\t\t\t\t\theight=\"40\"\n\t\t\t\t\tstyle=\"max-width:100%;\"\n\t\t\t\t\/>\n\t\t\t<\/a>\n\t\t<\/div>\n\t\t\t\t\t\t\t<\/div>\n\t\t\t\n\t\t\t\t\t\t\t\n\t\t\t\t<div id=\"ngg-image-14\" class=\"ngg-gallery-thumbnail-box\"\n\t\t\t\t\t\t\t\t\t\t\t>\n\t\t\t\t\t\t<div class=\"ngg-gallery-thumbnail\">\n\t\t\t<a href=\"http:\/\/www.zsskolnivr.cz\/wp-content\/gallery\/gymnastika_zapis-1\/P1190026.JPG\"\n\t\t\t\ttitle=\"\"\n\t\t\t\tdata-src=\"http:\/\/www.zsskolnivr.cz\/wp-content\/gallery\/gymnastika_zapis-1\/P1190026.JPG\"\n\t\t\t\tdata-thumbnail=\"http:\/\/www.zsskolnivr.cz\/wp-content\/gallery\/gymnastika_zapis-1\/thumbs\/thumbs_P1190026.JPG\"\n\t\t\t\tdata-image-id=\"863\"\n\t\t\t\tdata-title=\"P1190026\"\n\t\t\t\tdata-description=\"\"\n\t\t\t\tdata-image-slug=\"p1190026\"\n\t\t\t\tclass=\"ngg-fancybox\" rel=\"3d23a73a23c638fc15f93e056e6c5270\">\n\t\t\t\t<img\n\t\t\t\t\ttitle=\"P1190026\"\n\t\t\t\t\talt=\"P1190026\"\n\t\t\t\t\tsrc=\"http:\/\/www.zsskolnivr.cz\/wp-content\/gallery\/gymnastika_zapis-1\/cache\/P1190026.JPG-nggid03863-ngg0dyn-60x40x100-00f0w010c011r110f110r010t010.JPG\"\n\t\t\t\t\twidth=\"60\"\n\t\t\t\t\theight=\"40\"\n\t\t\t\t\tstyle=\"max-width:100%;\"\n\t\t\t\t\/>\n\t\t\t<\/a>\n\t\t<\/div>\n\t\t\t\t\t\t\t<\/div>\n\t\t\t\n\t\t\t\t\t\t\t\n\t\t\t\t<div id=\"ngg-image-15\" class=\"ngg-gallery-thumbnail-box\"\n\t\t\t\t\t\t\t\t\t\t\t>\n\t\t\t\t\t\t<div class=\"ngg-gallery-thumbnail\">\n\t\t\t<a href=\"http:\/\/www.zsskolnivr.cz\/wp-content\/gallery\/gymnastika_zapis-1\/P1190024.JPG\"\n\t\t\t\ttitle=\"\"\n\t\t\t\tdata-src=\"http:\/\/www.zsskolnivr.cz\/wp-content\/gallery\/gymnastika_zapis-1\/P1190024.JPG\"\n\t\t\t\tdata-thumbnail=\"http:\/\/www.zsskolnivr.cz\/wp-content\/gallery\/gymnastika_zapis-1\/thumbs\/thumbs_P1190024.JPG\"\n\t\t\t\tdata-image-id=\"862\"\n\t\t\t\tdata-title=\"P1190024\"\n\t\t\t\tdata-description=\"\"\n\t\t\t\tdata-image-slug=\"p1190024\"\n\t\t\t\tclass=\"ngg-fancybox\" rel=\"3d23a73a23c638fc15f93e056e6c5270\">\n\t\t\t\t<img\n\t\t\t\t\ttitle=\"P1190024\"\n\t\t\t\t\talt=\"P1190024\"\n\t\t\t\t\tsrc=\"http:\/\/www.zsskolnivr.cz\/wp-content\/gallery\/gymnastika_zapis-1\/cache\/P1190024.JPG-nggid03862-ngg0dyn-60x40x100-00f0w010c011r110f110r010t010.JPG\"\n\t\t\t\t\twidth=\"60\"\n\t\t\t\t\theight=\"40\"\n\t\t\t\t\tstyle=\"max-width:100%;\"\n\t\t\t\t\/>\n\t\t\t<\/a>\n\t\t<\/div>\n\t\t\t\t\t\t\t<\/div>\n\t\t\t\n\t\t\t\t\t\t\t\t\t<br style=\"clear: both\" \/>\n\t\t\t\t\t\n\t\t\t\t<div id=\"ngg-image-16\" class=\"ngg-gallery-thumbnail-box\"\n\t\t\t\t\t\t\t\t\t\t\t>\n\t\t\t\t\t\t<div class=\"ngg-gallery-thumbnail\">\n\t\t\t<a href=\"http:\/\/www.zsskolnivr.cz\/wp-content\/gallery\/gymnastika_zapis-1\/P1190022.JPG\"\n\t\t\t\ttitle=\"\"\n\t\t\t\tdata-src=\"http:\/\/www.zsskolnivr.cz\/wp-content\/gallery\/gymnastika_zapis-1\/P1190022.JPG\"\n\t\t\t\tdata-thumbnail=\"http:\/\/www.zsskolnivr.cz\/wp-content\/gallery\/gymnastika_zapis-1\/thumbs\/thumbs_P1190022.JPG\"\n\t\t\t\tdata-image-id=\"861\"\n\t\t\t\tdata-title=\"P1190022\"\n\t\t\t\tdata-description=\"\"\n\t\t\t\tdata-image-slug=\"p1190022\"\n\t\t\t\tclass=\"ngg-fancybox\" rel=\"3d23a73a23c638fc15f93e056e6c5270\">\n\t\t\t\t<img\n\t\t\t\t\ttitle=\"P1190022\"\n\t\t\t\t\talt=\"P1190022\"\n\t\t\t\t\tsrc=\"http:\/\/www.zsskolnivr.cz\/wp-content\/gallery\/gymnastika_zapis-1\/cache\/P1190022.JPG-nggid03861-ngg0dyn-60x40x100-00f0w010c011r110f110r010t010.JPG\"\n\t\t\t\t\twidth=\"60\"\n\t\t\t\t\theight=\"40\"\n\t\t\t\t\tstyle=\"max-width:100%;\"\n\t\t\t\t\/>\n\t\t\t<\/a>\n\t\t<\/div>\n\t\t\t\t\t\t\t<\/div>\n\t\t\t\n\t\t\t\t\t\t\t\n\t\t\t\t<div id=\"ngg-image-17\" class=\"ngg-gallery-thumbnail-box\"\n\t\t\t\t\t\t\t\t\t\t\t>\n\t\t\t\t\t\t<div class=\"ngg-gallery-thumbnail\">\n\t\t\t<a href=\"http:\/\/www.zsskolnivr.cz\/wp-content\/gallery\/gymnastika_zapis-1\/P1190021.JPG\"\n\t\t\t\ttitle=\"\"\n\t\t\t\tdata-src=\"http:\/\/www.zsskolnivr.cz\/wp-content\/gallery\/gymnastika_zapis-1\/P1190021.JPG\"\n\t\t\t\tdata-thumbnail=\"http:\/\/www.zsskolnivr.cz\/wp-content\/gallery\/gymnastika_zapis-1\/thumbs\/thumbs_P1190021.JPG\"\n\t\t\t\tdata-image-id=\"860\"\n\t\t\t\tdata-title=\"P1190021\"\n\t\t\t\tdata-description=\"\"\n\t\t\t\tdata-image-slug=\"p1190021\"\n\t\t\t\tclass=\"ngg-fancybox\" rel=\"3d23a73a23c638fc15f93e056e6c5270\">\n\t\t\t\t<img\n\t\t\t\t\ttitle=\"P1190021\"\n\t\t\t\t\talt=\"P1190021\"\n\t\t\t\t\tsrc=\"http:\/\/www.zsskolnivr.cz\/wp-content\/gallery\/gymnastika_zapis-1\/cache\/P1190021.JPG-nggid03860-ngg0dyn-60x40x100-00f0w010c011r110f110r010t010.JPG\"\n\t\t\t\t\twidth=\"60\"\n\t\t\t\t\theight=\"40\"\n\t\t\t\t\tstyle=\"max-width:100%;\"\n\t\t\t\t\/>\n\t\t\t<\/a>\n\t\t<\/div>\n\t\t\t\t\t\t\t<\/div>\n\t\t\t\n\t\t\t\t\t\t\t\n\t\t\t\t<div id=\"ngg-image-18\" class=\"ngg-gallery-thumbnail-box\"\n\t\t\t\t\t\t\t\t\t\t\t>\n\t\t\t\t\t\t<div class=\"ngg-gallery-thumbnail\">\n\t\t\t<a href=\"http:\/\/www.zsskolnivr.cz\/wp-content\/gallery\/gymnastika_zapis-1\/P1190019.JPG\"\n\t\t\t\ttitle=\"\"\n\t\t\t\tdata-src=\"http:\/\/www.zsskolnivr.cz\/wp-content\/gallery\/gymnastika_zapis-1\/P1190019.JPG\"\n\t\t\t\tdata-thumbnail=\"http:\/\/www.zsskolnivr.cz\/wp-content\/gallery\/gymnastika_zapis-1\/thumbs\/thumbs_P1190019.JPG\"\n\t\t\t\tdata-image-id=\"859\"\n\t\t\t\tdata-title=\"P1190019\"\n\t\t\t\tdata-description=\"\"\n\t\t\t\tdata-image-slug=\"p1190019\"\n\t\t\t\tclass=\"ngg-fancybox\" rel=\"3d23a73a23c638fc15f93e056e6c5270\">\n\t\t\t\t<img\n\t\t\t\t\ttitle=\"P1190019\"\n\t\t\t\t\talt=\"P1190019\"\n\t\t\t\t\tsrc=\"http:\/\/www.zsskolnivr.cz\/wp-content\/gallery\/gymnastika_zapis-1\/cache\/P1190019.JPG-nggid03859-ngg0dyn-60x40x100-00f0w010c011r110f110r010t010.JPG\"\n\t\t\t\t\twidth=\"60\"\n\t\t\t\t\theight=\"40\"\n\t\t\t\t\tstyle=\"max-width:100%;\"\n\t\t\t\t\/>\n\t\t\t<\/a>\n\t\t<\/div>\n\t\t\t\t\t\t\t<\/div>\n\t\t\t\n\t\t\t\t\t\t\t\n\t\t\n\t\t<!-- Pagination -->\n\t\t<div class='ngg-clear'><\/div>\t<\/div>\n<\/p>\n<p>&nbsp;<\/p>\n","protected":false},"excerpt":{"rendered":"<p>2018\/2019 Informace k prvn\u00ed hodin\u011b a d\u011blen\u00ed do skupin: pokyny seznamy skupin UPOZORN\u011aN\u00cd Po p\u0159ihl\u00e1\u0161en\u00ed je doch\u00e1zka povinn\u00e1 a p\u0159edm\u011bt je klasifikovan\u00fd na vysv\u011bd\u010den\u00ed, absence je proto nutn\u00e9 omlouvat p\u00edsemn\u011b nebo telefonicky (499421563). Pro nov\u00e9 cvi\u010dence m\u00e1me m\u011bs\u00edc na rozmy\u0161lenou, <a href=\"https:\/\/www.zsskolnivr.cz\/?page_id=1283\" class=\"read-more\">Read More &#8230;<\/a><\/p>\n","protected":false},"author":5,"featured_media":0,"parent":0,"menu_order":0,"comment_status":"closed","ping_status":"closed","template":"","meta":{"ngg_post_thumbnail":0,"footnotes":""},"class_list":["post-1283","page","type-page","status-publish","hentry"],"_links":{"self":[{"href":"https:\/\/www.zsskolnivr.cz\/index.php?rest_route=\/wp\/v2\/pages\/1283","targetHints":{"allow":["GET"]}}],"collection":[{"href":"https:\/\/www.zsskolnivr.cz\/index.php?rest_route=\/wp\/v2\/pages"}],"about":[{"href":"https:\/\/www.zsskolnivr.cz\/index.php?rest_route=\/wp\/v2\/types\/page"}],"author":[{"embeddable":true,"href":"https:\/\/www.zsskolnivr.cz\/index.php?rest_route=\/wp\/v2\/users\/5"}],"replies":[{"embeddable":true,"href":"https:\/\/www.zsskolnivr.cz\/index.php?rest_route=%2Fwp%2Fv2%2Fcomments&post=1283"}],"version-history":[{"count":13,"href":"https:\/\/www.zsskolnivr.cz\/index.php?rest_route=\/wp\/v2\/pages\/1283\/revisions"}],"predecessor-version":[{"id":8488,"href":"https:\/\/www.zsskolnivr.cz\/index.php?rest_route=\/wp\/v2\/pages\/1283\/revisions\/8488"}],"wp:attachment":[{"href":"https:\/\/www.zsskolnivr.cz\/index.php?rest_route=%2Fwp%2Fv2%2Fmedia&parent=1283"}],"curies":[{"name":"wp","href":"https:\/\/api.w.org\/{rel}","templated":true}]}}