{"id":1513,"date":"2015-12-21T14:07:21","date_gmt":"2015-12-21T14:07:21","guid":{"rendered":"http:\/\/www.zsskolnivr.cz\/?page_id=1513"},"modified":"2020-12-03T10:22:09","modified_gmt":"2020-12-03T10:22:09","slug":"5-rocniky","status":"publish","type":"page","link":"https:\/\/www.zsskolnivr.cz\/?page_id=1513","title":{"rendered":"5. ro\u010dn\u00edky"},"content":{"rendered":"<p><span style=\"color: #ff0000;\">2020\/2021<\/span><br \/>\n5.A &#8211; t\u0159\u00eddn\u00ed u\u010ditelka: Marie Huba\u0159ov\u00e1<br \/>\n5.B &#8211; t\u0159\u00eddn\u00ed u\u010ditelka: Ivana Kubi\u0161tov\u00e1<br \/>\n5.C &#8211; t\u0159\u00eddn\u00ed u\u010ditel: Ivo Farsk\u00fd<\/p>\n<p><span style=\"color: #ff0000;\">2019\/2020<\/span><br \/>\n<span style=\"color: #000000;\">5.B &#8211; t\u0159\u00eddn\u00ed u\u010ditelka: Eva Str\u00e1nsk\u00e1<br \/>\n5.C &#8211; t\u0159\u00eddn\u00ed u\u010ditelka: Kate\u0159ina Doudov\u00e1<\/span><\/p>\n<p><span style=\"color: #ff0000;\">2018\/2019<br \/>\n<span style=\"color: #000000;\">4.A &#8211; t\u0159\u00eddn\u00ed u\u010ditelka: Miloslava Graciasov\u00e1<br \/>\n4.C &#8211; t\u0159\u00eddn\u00ed u\u010ditelka: Irena Zuz\u00e1nkov\u00e1<\/span><br \/>\n<\/span><\/p>\n<p><span style=\"color: #ff0000;\">2017\/2018<br \/>\n<span style=\"color: #000000;\">5.A &#8211; t\u0159\u00eddn\u00ed u\u010ditelka: Radmila \u0160ubrtov\u00e1<br \/>\n5.C &#8211; t\u0159\u00eddn\u00ed u\u010ditelka: Kate\u0159ina Doudov\u00e1<br \/>\n5.D &#8211; t\u0159\u00eddn\u00ed u\u010ditelka: Alena S\u016fvov\u00e1<\/span><\/span><\/p>\n<p><span style=\"color: #ff0000;\">2016\/2017<br \/>\n<\/span>5.A &#8211; t\u0159\u00eddn\u00ed u\u010ditelka: Zdena Hrn\u010d\u00ed\u0159ov\u00e1<br \/>\n5.C &#8211; t\u0159\u00eddn\u00ed u\u010ditelka: Jana Formanov\u00e1<\/p>\n<p>Druh\u00e9 pololet\u00ed zah\u00e1jily 5. ro\u010dn\u00edky \u0161koln\u00edm kolem\u00a0matematick\u00e9 \u00a0Pythagori\u00e1dy (sout\u011b\u017e zalo\u017een\u00e1 na logick\u00e9m uva\u017eov\u00e1n\u00ed a na matematick\u00e9 p\u0159edstavivosti). Maxim\u00e1ln\u00ed po\u010det bod\u016f bylo 15. Za \u00fasp\u011b\u0161n\u00e9ho \u0159e\u0161itele je pova\u017eov\u00e1n ka\u017ed\u00fd \u017e\u00e1k, kter\u00fd obdr\u017eel alespo\u0148 10 bod\u016f.<\/p>\n<p>Nej\u00fasp\u011b\u0161n\u011bj\u0161\u00edmi \u0159e\u0161iteli byli:<\/p>\n<p>1.\u00a0\u00a0\u00a0\u00a0\u00a0 \u00a0Viktorie Lustykov\u00e1\u00a0 14 bod\u016f<\/p>\n<p>2.\u00a0\u00a0\u00a0\u00a0\u00a0 \u00a0Radim Havl\u00ed\u010dek\u00a0\u00a0\u00a0\u00a0\u00a0\u00a0\u00a011 bod\u016f<\/p>\n<p>3.-5. \u00a0S\u00e1ra Jank\u016f\u00a0\u00a0\u00a0\u00a0\u00a0\u00a0\u00a0\u00a0\u00a0\u00a0\u00a0\u00a0\u00a0\u00a0\u00a010 bod\u016f<\/p>\n<p>Ji\u0159\u00ed Jel\u00ednek<\/p>\n<p>Laura Ko\u010d\u00ed<\/p>\n<p>N\u011bkte\u0159\u00ed \u0159e\u0161itel\u00e9 budou pozv\u00e1ni do Trutnova do okresn\u00edho kola. Dr\u017e\u00edme jim p\u011bsti.<\/p>\n<p><span style=\"color: #ff0000;\">2015\/2016<\/span><\/p>\n<p>Na na\u0161\u00ed \u0161kole jsou dv\u011b p\u00e1t\u00e9 t\u0159\u00eddy. 5.A pod veden\u00edm p. u\u010d. Lucie Konikov\u00e9 a 5.B pod veden\u00edm p. u\u010d. Zuzany Zavoralov\u00e9.<\/p>\n<p><strong>T\u0159\u00edda 5.A<br \/>\n<\/strong>Ji\u017e druh\u00fdm rokem jsme t\u0159\u00edda pln\u00e1 pir\u00e1t\u016f. Je n\u00e1s 24 a v\u0161ichni se sna\u017e\u00edme plout na jedn\u00e9 lodi. Spole\u010dn\u00fdmi silami dob\u00fdv\u00e1me oce\u00e1ny, pereme se s\u00a0nastra\u017een\u00fdmi \u00fakoly a proplouv\u00e1me l\u00e1tkou p\u00e1t\u00e9ho ro\u010dn\u00edku.<br \/>\nZa odm\u011bnu dost\u00e1v\u00e1me od na\u0161\u00ed kapit\u00e1nky duk\u00e1tky, za kter\u00e9 si jednou za m\u011bs\u00edc m\u016f\u017eeme v\u00a0na\u0161em t\u0159\u00eddn\u00edm kr\u00e1mku n\u011bco koupit. U\u010d\u00edme se tak finan\u010dn\u00ed gramotnosti a je to v\u00fdborn\u00e1 motivace ke kon\u00e1n\u00ed dobr\u00fdch skutk\u016f.<br \/>\nJako na ka\u017ed\u00e9 palub\u011b, tak i na na\u0161\u00ed jsou nastavena pravidla, kter\u00e1 kdy\u017e poru\u0161ujeme, p\u0159ich\u00e1z\u00edme o duk\u00e1tky.<br \/>\nMinul\u00fd rok jsme absolvovali p\u011btidenn\u00ed plavbu, p\u0159i kter\u00e9 jsme za\u017eili mnoho dobrodru\u017estv\u00ed. Vyplout bychom cht\u011bli i tento rok.<br \/>\nVzhledem k\u00a0tomu, \u017ee se v\u00a0p\u0159\u00edrodov\u011bd\u011b u\u010d\u00edme jak se plavit podle hv\u011bzd, p\u0159em\u00fd\u0161l\u00edme o tom, \u017ee tento rok nav\u0161t\u00edv\u00edme i planet\u00e1rium. (Ale to je je\u0161t\u011b v\u0161e ve hv\u011bzd\u00e1ch\u2026)<br \/>\nNa\u0161e t\u0159\u00eddn\u00ed motto je: ,,My jsme t\u0159\u00edda pir\u00e1t\u016f, s\u00a0truhlou plnou duk\u00e1t\u016f. V\u0161e se rychle nau\u010d\u00edme a cel\u00fd sv\u011bt objev\u00edme.\u201c<\/p>\n<p><strong>T\u0159\u00edda 5.B<br \/>\n<\/strong>Do na\u0161\u00ed t\u0159\u00eddy 5. B chod\u00ed 24 \u017e\u00e1k\u016f, z\u00a0toho 14 chlapc\u016f a 10 d\u00edvek. Sna\u017e\u00edme se dodr\u017eovat pravidla, kter\u00e1 jsme si na za\u010d\u00e1tku roku stanovili. Pokud na n\u011bjak\u00e9 pravidlo zapomeneme, d\u016frazn\u011b si ho p\u0159ipomeneme \u2013 vis\u00ed n\u00e1m toti\u017e ka\u017ed\u00fd den na o\u010d\u00edch.<br \/>\nJsme t\u0159\u00edda \u0161ikovn\u00e1 a sna\u017eiv\u00e1. Jeliko\u017e jsme jedna t\u0159\u00edda a m\u011bli bychom v\u0161ichni t\u00e1hnout za jeden provaz, sna\u017e\u00edme se v\u0161e \u0159e\u0161it spole\u010dn\u011b a na v\u0161em se tak\u00e9 spole\u010dn\u011b shodnout.<br \/>\nV\u011bt\u0161ina z\u00a0n\u00e1s r\u00e1da sportuje a \u00fa\u010dastn\u00ed se tak r\u016fzn\u00fdch \u0161koln\u00edch sportovn\u00edch sout\u011b\u017e\u00ed.<br \/>\nCel\u00fd rok sb\u00edr\u00e1me za dob\u0159e odveden\u00e9 \u00fakoly hv\u011bzdi\u010dky, za kter\u00e9 z\u00edsk\u00e1v\u00e1me mal\u00e9 odm\u011bny. Pokud poru\u0161\u00edme n\u011bjak\u00e9 pravidlo, jsou n\u00e1m hv\u011bzdi\u010dky zase odebr\u00e1ny.<br \/>\nSe t\u0159\u00eddou 5. A se sna\u017e\u00edme utu\u017eovat p\u0159\u00e1telsk\u00e9 vztahy, proto spole\u010dn\u011b podnik\u00e1me r\u016fzn\u00e9 akce, jako nap\u0159\u00edklad V\u00e1no\u010dn\u00ed tvo\u0159en\u00ed \u010di t\u00fddenn\u00ed pobyt v p\u0159\u00edrod\u011b.<\/p>\n","protected":false},"excerpt":{"rendered":"<p>2020\/2021 5.A &#8211; t\u0159\u00eddn\u00ed u\u010ditelka: Marie Huba\u0159ov\u00e1 5.B &#8211; t\u0159\u00eddn\u00ed u\u010ditelka: Ivana Kubi\u0161tov\u00e1 5.C &#8211; t\u0159\u00eddn\u00ed u\u010ditel: Ivo Farsk\u00fd 2019\/2020 5.B &#8211; t\u0159\u00eddn\u00ed u\u010ditelka: Eva Str\u00e1nsk\u00e1 5.C &#8211; t\u0159\u00eddn\u00ed u\u010ditelka: Kate\u0159ina Doudov\u00e1 2018\/2019 4.A &#8211; t\u0159\u00eddn\u00ed u\u010ditelka: Miloslava Graciasov\u00e1 4.C <a href=\"https:\/\/www.zsskolnivr.cz\/?page_id=1513\" class=\"read-more\">Read More &#8230;<\/a><\/p>\n","protected":false},"author":5,"featured_media":0,"parent":1271,"menu_order":0,"comment_status":"closed","ping_status":"closed","template":"","meta":{"ngg_post_thumbnail":0,"footnotes":""},"class_list":["post-1513","page","type-page","status-publish","hentry"],"_links":{"self":[{"href":"https:\/\/www.zsskolnivr.cz\/index.php?rest_route=\/wp\/v2\/pages\/1513","targetHints":{"allow":["GET"]}}],"collection":[{"href":"https:\/\/www.zsskolnivr.cz\/index.php?rest_route=\/wp\/v2\/pages"}],"about":[{"href":"https:\/\/www.zsskolnivr.cz\/index.php?rest_route=\/wp\/v2\/types\/page"}],"author":[{"embeddable":true,"href":"https:\/\/www.zsskolnivr.cz\/index.php?rest_route=\/wp\/v2\/users\/5"}],"replies":[{"embeddable":true,"href":"https:\/\/www.zsskolnivr.cz\/index.php?rest_route=%2Fwp%2Fv2%2Fcomments&post=1513"}],"version-history":[{"count":16,"href":"https:\/\/www.zsskolnivr.cz\/index.php?rest_route=\/wp\/v2\/pages\/1513\/revisions"}],"predecessor-version":[{"id":12122,"href":"https:\/\/www.zsskolnivr.cz\/index.php?rest_route=\/wp\/v2\/pages\/1513\/revisions\/12122"}],"up":[{"embeddable":true,"href":"https:\/\/www.zsskolnivr.cz\/index.php?rest_route=\/wp\/v2\/pages\/1271"}],"wp:attachment":[{"href":"https:\/\/www.zsskolnivr.cz\/index.php?rest_route=%2Fwp%2Fv2%2Fmedia&parent=1513"}],"curies":[{"name":"wp","href":"https:\/\/api.w.org\/{rel}","templated":true}]}}