{"id":1890,"date":"2016-01-12T12:14:56","date_gmt":"2016-01-12T12:14:56","guid":{"rendered":"http:\/\/www.zsskolnivr.cz\/?page_id=1890"},"modified":"2019-04-23T07:39:05","modified_gmt":"2019-04-23T07:39:05","slug":"dulezite-kontakty","status":"publish","type":"page","link":"https:\/\/www.zsskolnivr.cz\/?page_id=1890","title":{"rendered":"D\u016fle\u017eit\u00e9 kontakty"},"content":{"rendered":"<p><strong>Pedagogicko-psychologick\u00e1 poradna\u00a0 a Speci\u00e1ln\u011b pedagogick\u00e9 centrum Kr\u00e1lovehradeck\u00e9ho<br \/>\nkraje<\/strong><br \/>\npracovi\u0161t\u011b Trutnov: Horsk\u00e1 5, 541 01 Trutnov &#8211; St\u0159edn\u00ed P\u0159edm\u011bst\u00ed<br \/>\nobjedn\u00e1v\u00e1n\u00ed klient\u016f: 499 813 080, 605 448 327<br \/>\nE\u2013mail: info@ppptrutnov.cz<br \/>\nInternetov\u00e9 str\u00e1nky:<br \/>\n<a href=\"http:\/\/www.ppptrutnov.cz\" target=\"_blank\">www.ppptrutnov.cz<\/a><br \/>\n<a href=\"http:\/\/www.msspctu.cz\/spc\" target=\"_blank\">www.msspctu.cz<\/a><strong><br \/>\n<\/strong><\/p>\n<p><strong>Klinick\u00e1 logopedie &#8211; Mgr. Kate\u0159ina Sobotkov\u00e1<br \/>\n<\/strong>typ za\u0159\u00edzen\u00ed: soukrom\u00e9<br \/>\nadresa: Krkono\u0161sk\u00e1 144, 54301 Vrchlab\u00ed<br \/>\ntel.: 499 421\u00a0434, 605 802\u00a0505<br \/>\ne-mail: kat.sobotkova@seznam.cz<\/p>\n<p><a href=\"https:\/\/vrchlabi.diakonie.cz\/nase-sluzby\/socialne-aktivizacni-sluzby\/\"><strong>Soci\u00e1ln\u011b aktiviza\u010dn\u00ed slu\u017eby pro rodiny s d\u011btmi<br \/>\n<\/strong><\/a>\u00a0L\u00e1novsk\u00e1 580<br \/>\nProvozn\u00ed doba: Po &#8211; P\u00e1 &#8211; 7:30 &#8211; 17:00<\/p>\n","protected":false},"excerpt":{"rendered":"<p>Pedagogicko-psychologick\u00e1 poradna\u00a0 a Speci\u00e1ln\u011b pedagogick\u00e9 centrum Kr\u00e1lovehradeck\u00e9ho kraje pracovi\u0161t\u011b Trutnov: Horsk\u00e1 5, 541 01 Trutnov &#8211; St\u0159edn\u00ed P\u0159edm\u011bst\u00ed objedn\u00e1v\u00e1n\u00ed klient\u016f: 499 813 080, 605 448 327 E\u2013mail: info@ppptrutnov.cz Internetov\u00e9 str\u00e1nky: www.ppptrutnov.cz www.msspctu.cz Klinick\u00e1 logopedie &#8211; Mgr. Kate\u0159ina Sobotkov\u00e1 typ za\u0159\u00edzen\u00ed: <a href=\"https:\/\/www.zsskolnivr.cz\/?page_id=1890\" class=\"read-more\">Read More &#8230;<\/a><\/p>\n","protected":false},"author":5,"featured_media":0,"parent":940,"menu_order":0,"comment_status":"closed","ping_status":"closed","template":"","meta":{"ngg_post_thumbnail":0,"footnotes":""},"class_list":["post-1890","page","type-page","status-publish","hentry"],"_links":{"self":[{"href":"https:\/\/www.zsskolnivr.cz\/index.php?rest_route=\/wp\/v2\/pages\/1890","targetHints":{"allow":["GET"]}}],"collection":[{"href":"https:\/\/www.zsskolnivr.cz\/index.php?rest_route=\/wp\/v2\/pages"}],"about":[{"href":"https:\/\/www.zsskolnivr.cz\/index.php?rest_route=\/wp\/v2\/types\/page"}],"author":[{"embeddable":true,"href":"https:\/\/www.zsskolnivr.cz\/index.php?rest_route=\/wp\/v2\/users\/5"}],"replies":[{"embeddable":true,"href":"https:\/\/www.zsskolnivr.cz\/index.php?rest_route=%2Fwp%2Fv2%2Fcomments&post=1890"}],"version-history":[{"count":13,"href":"https:\/\/www.zsskolnivr.cz\/index.php?rest_route=\/wp\/v2\/pages\/1890\/revisions"}],"predecessor-version":[{"id":10078,"href":"https:\/\/www.zsskolnivr.cz\/index.php?rest_route=\/wp\/v2\/pages\/1890\/revisions\/10078"}],"up":[{"embeddable":true,"href":"https:\/\/www.zsskolnivr.cz\/index.php?rest_route=\/wp\/v2\/pages\/940"}],"wp:attachment":[{"href":"https:\/\/www.zsskolnivr.cz\/index.php?rest_route=%2Fwp%2Fv2%2Fmedia&parent=1890"}],"curies":[{"name":"wp","href":"https:\/\/api.w.org\/{rel}","templated":true}]}}