{"id":334,"date":"2015-07-08T06:19:18","date_gmt":"2015-07-08T06:19:18","guid":{"rendered":"http:\/\/www.zsskolnivr.cz\/?page_id=334"},"modified":"2019-01-03T09:29:24","modified_gmt":"2019-01-03T09:29:24","slug":"skolni-projekty","status":"publish","type":"page","link":"https:\/\/www.zsskolnivr.cz\/?page_id=334","title":{"rendered":"Projekty"},"content":{"rendered":"<h3>Aktu\u00e1ln\u00ed p\u0159ehled:<\/h3>\n<p>2018\/2019<\/p>\n<p><span style=\"color: #ff0000;\">\u0160ablony pro \u0161koly II<\/span><br \/>\n<span style=\"color: #ff0000;\">Sportuj ve \u0161kole<\/span><br \/>\n<span style=\"color: #ff0000;\">Ovoce do \u0161kol<\/span><\/p>\n<p>2016\/2017 &#8211; 2017\/2018<\/p>\n<p><span style=\"color: #0000ff;\">Person\u00e1ln\u00ed podpora<\/span> &#8211; <span style=\"color: #000000;\"><u><a href=\"https:\/\/www.zsskolnivr.cz\/wp-content\/files\/dokumenty\/1610041211-a3horizontal.pdf\">V\u00fdzva 22<\/a><\/u><\/span><\/p>\n<p><span style=\"color: #ff0000; font-family: Calibri;\">HPN &#8211; Hodina pohybu nav\u00edc<br \/>\n<\/span><span style=\"font-family: Calibri;\"><span style=\"color: #ff0000;\"><span style=\"color: #ff0000;\">Robot je m\u016fj kamar\u00e1d<\/span><br \/>\n<\/span><\/span><span style=\"font-family: Calibri;\"><span style=\"color: #ff0000;\">SZ\u0160<\/span><\/span><span style=\"color: #000000; font-family: Calibri;\">\u00a0<span style=\"color: #ff0000;\">&#8211; Skute\u010dn\u011b zdrav\u00e1 \u0161kola<\/span><br \/>\n<\/span><span style=\"color: #ff0000;\"><span style=\"font-family: Calibri;\">Ovoce do \u0161kol<\/span><span style=\"color: #000000; font-family: Calibri;\"><br \/>\n<\/span><\/span><\/p>\n<p>&nbsp;<\/p>\n<p>2015\/2016<br \/>\n<span style=\"font-family: Calibri;\"><span style=\"color: #ff0000;\">Robot je m\u016fj kamar\u00e1d<br \/>\n<span style=\"color: #ff0000; font-family: Calibri;\">HPN<br \/>\nS<\/span><\/span><\/span><span style=\"font-family: Calibri;\"><span style=\"color: #ff0000;\">Z\u0160<\/span><\/span><span style=\"color: #000000; font-family: Calibri;\"><br \/>\n<\/span><span style=\"color: #ff0000;\"><span style=\"font-family: Calibri;\">Ovoce do \u0161kol<br \/>\n<span style=\"color: #000000; font-family: Calibri;\"><span style=\"color: #ff0000;\">V\u00fdzva 56<br \/>\n<span style=\"color: #ff0000; font-family: Calibri;\">V\u00fdzva 57<\/span><\/span><\/span><\/span><\/span><\/p>\n<p><span style=\"color: #ff0000;\"><span style=\"font-family: Calibri;\"><span style=\"color: #000000; font-family: Calibri;\"><span style=\"color: #ff0000;\"><span style=\"color: #ff0000; font-family: Calibri;\">\u00a0<\/span><\/span><\/span><\/span><\/span><\/p>\n<p>&nbsp;<\/p>\n<p><span style=\"color: #ff0000; font-family: Calibri;\">\u00a0<\/span><\/p>\n<p>&nbsp;<\/p>\n<p><span style=\"color: #ff0000; font-family: Calibri;\">\u00a0<\/span><\/p>\n<p>&nbsp;<\/p>\n<p><span style=\"color: #ff0000;\">\u00a0<\/span><\/p>\n<p><span style=\"color: #ff0000;\"><span style=\"font-family: Calibri;\">\u00a0<\/span><\/span><\/p>\n","protected":false},"excerpt":{"rendered":"<p>Aktu\u00e1ln\u00ed p\u0159ehled: 2018\/2019 \u0160ablony pro \u0161koly II Sportuj ve \u0161kole Ovoce do \u0161kol 2016\/2017 &#8211; 2017\/2018 Person\u00e1ln\u00ed podpora &#8211; V\u00fdzva 22 HPN &#8211; Hodina pohybu nav\u00edc Robot je m\u016fj kamar\u00e1d SZ\u0160\u00a0&#8211; Skute\u010dn\u011b zdrav\u00e1 \u0161kola Ovoce do \u0161kol &nbsp; 2015\/2016 Robot <a href=\"https:\/\/www.zsskolnivr.cz\/?page_id=334\" class=\"read-more\">Read More &#8230;<\/a><\/p>\n","protected":false},"author":2,"featured_media":0,"parent":0,"menu_order":0,"comment_status":"closed","ping_status":"closed","template":"","meta":{"ngg_post_thumbnail":0,"footnotes":""},"class_list":["post-334","page","type-page","status-publish","hentry"],"_links":{"self":[{"href":"https:\/\/www.zsskolnivr.cz\/index.php?rest_route=\/wp\/v2\/pages\/334","targetHints":{"allow":["GET"]}}],"collection":[{"href":"https:\/\/www.zsskolnivr.cz\/index.php?rest_route=\/wp\/v2\/pages"}],"about":[{"href":"https:\/\/www.zsskolnivr.cz\/index.php?rest_route=\/wp\/v2\/types\/page"}],"author":[{"embeddable":true,"href":"https:\/\/www.zsskolnivr.cz\/index.php?rest_route=\/wp\/v2\/users\/2"}],"replies":[{"embeddable":true,"href":"https:\/\/www.zsskolnivr.cz\/index.php?rest_route=%2Fwp%2Fv2%2Fcomments&post=334"}],"version-history":[{"count":21,"href":"https:\/\/www.zsskolnivr.cz\/index.php?rest_route=\/wp\/v2\/pages\/334\/revisions"}],"predecessor-version":[{"id":8687,"href":"https:\/\/www.zsskolnivr.cz\/index.php?rest_route=\/wp\/v2\/pages\/334\/revisions\/8687"}],"wp:attachment":[{"href":"https:\/\/www.zsskolnivr.cz\/index.php?rest_route=%2Fwp%2Fv2%2Fmedia&parent=334"}],"curies":[{"name":"wp","href":"https:\/\/api.w.org\/{rel}","templated":true}]}}