{"id":5245,"date":"2020-03-16T06:30:09","date_gmt":"2020-03-16T06:30:09","guid":{"rendered":"http:\/\/www.zsskolnivr.cz\/?page_id=5245"},"modified":"2026-01-02T10:33:12","modified_gmt":"2026-01-02T10:33:12","slug":"zapis-do-1-rocniku","status":"publish","type":"page","link":"https:\/\/www.zsskolnivr.cz\/?page_id=5245","title":{"rendered":"Z\u00e1pis do 1. ro\u010dn\u00edku"},"content":{"rendered":"<h4><span style=\"color: #ff0000;\">Z\u00e1pis 2025 &#8211; 4. 4. 2023 &#8211; 14 &#8211; 18 hod<\/span><\/h4>\n<ol>\n<li>Z\u00e1konn\u00fd z\u00e1stupce d\u011bt\u00ed narozen\u00fdch od 1. 9. 2016 do 31. 8. 2017 a d\u011bt\u00ed s odkladem \u0161koln\u00ed doch\u00e1zky v lo\u0148sk\u00e9m \u0161koln\u00edm roce mus\u00ed ze z\u00e1kona ve stanovenou lh\u016ftu<br><strong><span style=\"text-decoration: underline; color: #ff0000;\">od 1. 4. do 30. 4.<\/span><\/strong> podat \u0161kole <strong>\u017e\u00e1dost o z\u00e1pis<\/strong> d\u00edt\u011bte ke \u0161koln\u00ed doch\u00e1zce.<br>Z\u00e1rove\u0148 s&nbsp;\u017e\u00e1dost\u00ed je t\u0159eba doru\u010dit <strong>kopii rodn\u00e9ho listu<\/strong> \u017e\u00e1ka. Sta\u010d\u00ed prost\u00e1 kopie \u010di sken.<\/li>\n<li>Z\u00e1pis sest\u00e1v\u00e1 ze dvou \u010d\u00e1st\u00ed, prvn\u00ed je <strong>form\u00e1ln\u00ed<\/strong> &#8211; vypln\u011bn\u00ed a odevzd\u00e1n\u00ed tiskopis\u016f, druh\u00e1 \u010d\u00e1st <strong>neform\u00e1ln\u00ed<\/strong> je pro budouc\u00ed \u017e\u00e1ky &#8211;&nbsp; motiva\u010dn\u00ed aktivity (nap\u0159. rozhovor, hra, p\u0159ipraven\u00e9 \u010dinnosti zam\u011b\u0159en\u00e9 na zhodnocen\u00ed ur\u010dit\u00fdch dovednost\u00ed d\u00edt\u011bte, prohl\u00eddka \u0161koly).<\/li>\n<li>Pokud bude z\u00e1konn\u00fd z\u00e1stupce d\u00edt\u011bte cht\u00edt odklad \u0161koln\u00ed doch\u00e1zky pro \u0161koln\u00ed rok 2023\/2024, mus\u00ed tak\u00e9 podat <strong>\u017e\u00e1dost o odklad<\/strong> dopln\u011bnou o p\u0159\u00edslu\u0161n\u00e1 dv\u011b doporu\u010den\u00ed k tomu nutn\u00e1 (PPP, SPC, l\u00e9ka\u0159e, klinick\u00fd psycholog,\u2026). Pokud by v okam\u017eiku pod\u00e1n\u00ed \u017e\u00e1dosti nem\u011bl tato doporu\u010den\u00ed, mus\u00ed je \u0161kole doru\u010dit do 30. 4. 2023.<\/li>\n<li>Tiskopisy \u017e\u00e1dost\u00ed jsou v n\u00e1sleduj\u00edc\u00edch odkazech:<\/li>\n<\/ol>\n<ul>\n<li><strong><a href=\"https:\/\/www.zsskolnivr.cz\/wp-content\/uploads\/2026\/01\/zadost_prijeti_26.docx\" target=\"_blank\" rel=\"noopener noreferrer\">\u017d\u00e1dost o p\u0159ijet\u00ed<\/a> &nbsp; <\/strong>(soubor ve wordu)<\/li>\n<li><strong><span style=\"color: #ff0000;\"><a style=\"color: #ff0000;\" href=\"https:\/\/www.zsskolnivr.cz\/wp-content\/uploads\/2026\/01\/zadost_prijeti_26.pdf\" target=\"_blank\" rel=\"noopener noreferrer\">\u017d\u00e1dost o p\u0159ijet\u00ed<\/a> <\/span>&nbsp; <\/strong>(soubor v pdf)<\/li>\n<li><strong><a href=\"https:\/\/www.zsskolnivr.cz\/wp-content\/uploads\/2026\/01\/zadost_odklad_26.docx\" target=\"_blank\" rel=\"noopener noreferrer\">\u017d\u00e1dost o odklad<\/a> &nbsp;&nbsp;<\/strong>(soubor ve wordu)<\/li>\n<li><span style=\"color: #ff0000;\"><strong><a style=\"color: #ff0000;\" href=\"https:\/\/www.zsskolnivr.cz\/wp-content\/uploads\/2026\/01\/zadost_odklad_26.pdf\" target=\"_blank\" rel=\"noopener noreferrer\">\u017d\u00e1dost o odklad <\/a><\/strong><\/span>(soubor v pdf)<\/li>\n<li>Doru\u010den\u00ed \u017e\u00e1dost\u00ed:<br>Osobn\u011b ve \u0161kole dne 4. 4. 2023 od 14 do 18 hodin.<br>Po obdr\u017een\u00ed va\u0161\u00ed \u017e\u00e1dosti v\u00e1m bude p\u0159id\u011bleno registra\u010dn\u00ed \u010d\u00edslo, pod kter\u00fdm bude \u017e\u00e1k uveden na vyv\u011b\u0161en\u00e9m seznamu p\u0159ijat\u00fdch \u017e\u00e1k\u016f.<\/li>\n<li><span style=\"color: #ff0000;\"><strong>K \u017e\u00e1dosti o odklad je nutn\u00e9 p\u0159edlo\u017eit dv\u011b doporu\u010den\u00ed:<\/strong><\/span><\/li>\n<li><span style=\"color: #ff0000;\">1. \u0161kolsk\u00e9ho poradensk\u00e9ho za\u0159\u00edzen\u00ed (PPP, SPC)<\/span><\/li>\n<li><span style=\"color: #ff0000;\">2. d\u011btsk\u00e9ho l\u00e9ka\u0159e nebo klinick\u00e9ho psychologa<\/span><\/li>\n<\/ul>\n<ul>\n<li><span style=\"color: #0000ff;\"><strong>K \u017e\u00e1dosti o p\u0159ed\u010dasn\u00fd n\u00e1stup do \u0161koly je nutn\u00e9 p\u0159edlo\u017eit:<\/strong><\/span><\/li>\n<li><span style=\"color: #0000ff;\">posouzen\u00ed \u0161kolsk\u00e9ho poradensk\u00e9ho za\u0159\u00edzen\u00ed (PPP).<\/span><\/li>\n<li><span style=\"color: #ff0000;\">Pokud se v\u00e1m nepoda\u0159\u00ed tato doporu\u010den\u00ed z\u00edskat do konce dubna, bude spr\u00e1vn\u00ed \u0159\u00edzen\u00ed o odkladu p\u0159eru\u0161eno na dobu nezbytn\u011b nutnou k z\u00edsk\u00e1n\u00ed doporu\u010den\u00ed.<\/span><\/li>\n<li><span style=\"color: #ff0000;\"><strong><a style=\"color: #ff0000;\" href=\"https:\/\/www.zsskolnivr.cz\/wp-content\/uploads\/2026\/01\/Kriteria-prijimani-zaku-do-1.-tridy-26.pdf\" target=\"_blank\" rel=\"noopener noreferrer\">Krit\u00e9ria p\u0159ijet\u00ed 2026&nbsp;<\/a><\/strong><\/span><\/li>\n<li><a style=\"background-color: transparent; color: #41a62a; font-family: Lato,sans-serif; font-size: 16px; font-style: normal; font-variant: normal; font-weight: bold; letter-spacing: normal; orphans: 2; outline-color: invert; outline-style: none; outline-width: 0px; text-align: left; text-decoration: underline; text-indent: 0px; text-transform: none; -webkit-text-stroke-width: 0px; white-space: normal; word-spacing: 0px;\" href=\"https:\/\/www.zsskolnivr.cz\/wp-content\/files\/prvaci\/desatero.pdf\">Desatero vydan\u00e9 M\u0160MT<\/a><\/li>\n<\/ul>\n\n\n<p><\/p>\n","protected":false},"excerpt":{"rendered":"<p>Z\u00e1pis 2025 &#8211; 4. 4. 2023 &#8211; 14 &#8211; 18 hod Z\u00e1konn\u00fd z\u00e1stupce d\u011bt\u00ed narozen\u00fdch od 1. 9. 2016 do 31. 8. 2017 a d\u011bt\u00ed s odkladem \u0161koln\u00ed doch\u00e1zky v lo\u0148sk\u00e9m \u0161koln\u00edm roce mus\u00ed ze z\u00e1kona ve stanovenou lh\u016ftuod 1. <a href=\"https:\/\/www.zsskolnivr.cz\/?page_id=5245\" class=\"read-more\">Read More &#8230;<\/a><\/p>\n","protected":false},"author":8,"featured_media":0,"parent":30,"menu_order":0,"comment_status":"closed","ping_status":"closed","template":"","meta":{"ngg_post_thumbnail":0,"footnotes":""},"class_list":["post-5245","page","type-page","status-publish","hentry"],"_links":{"self":[{"href":"https:\/\/www.zsskolnivr.cz\/index.php?rest_route=\/wp\/v2\/pages\/5245","targetHints":{"allow":["GET"]}}],"collection":[{"href":"https:\/\/www.zsskolnivr.cz\/index.php?rest_route=\/wp\/v2\/pages"}],"about":[{"href":"https:\/\/www.zsskolnivr.cz\/index.php?rest_route=\/wp\/v2\/types\/page"}],"author":[{"embeddable":true,"href":"https:\/\/www.zsskolnivr.cz\/index.php?rest_route=\/wp\/v2\/users\/8"}],"replies":[{"embeddable":true,"href":"https:\/\/www.zsskolnivr.cz\/index.php?rest_route=%2Fwp%2Fv2%2Fcomments&post=5245"}],"version-history":[{"count":121,"href":"https:\/\/www.zsskolnivr.cz\/index.php?rest_route=\/wp\/v2\/pages\/5245\/revisions"}],"predecessor-version":[{"id":21465,"href":"https:\/\/www.zsskolnivr.cz\/index.php?rest_route=\/wp\/v2\/pages\/5245\/revisions\/21465"}],"up":[{"embeddable":true,"href":"https:\/\/www.zsskolnivr.cz\/index.php?rest_route=\/wp\/v2\/pages\/30"}],"wp:attachment":[{"href":"https:\/\/www.zsskolnivr.cz\/index.php?rest_route=%2Fwp%2Fv2%2Fmedia&parent=5245"}],"curies":[{"name":"wp","href":"https:\/\/api.w.org\/{rel}","templated":true}]}}