{"id":8087,"date":"2018-09-18T15:49:15","date_gmt":"2018-09-18T15:49:15","guid":{"rendered":"http:\/\/www.zsskolnivr.cz\/?page_id=8087"},"modified":"2019-09-02T11:18:27","modified_gmt":"2019-09-02T11:18:27","slug":"vyliz-talir","status":"publish","type":"page","link":"https:\/\/www.zsskolnivr.cz\/?page_id=8087","title":{"rendered":"Vyli\u017e tal\u00ed\u0159!"},"content":{"rendered":"<p><img loading=\"lazy\" decoding=\"async\" id=\"shTopImg\" title=\"Kliknut\u00edm zav\u0159\u00edt\" src=\"https:\/\/www.zsskolnivr.cz\/wp-content\/gallery\/loga-1\/Vyliz_talir.jpg?i=1000000287\" width=\"254\" height=\"229\" \/><\/p>\n<p><span style=\"color: #ff6600;\"><strong>Projekt motivuje objedn\u00e1v\u00e1n\u00ed a konzumov\u00e1n\u00ed zdrav\u00e9 a pestr\u00e9 stravy v\u00a0na\u0161\u00ed \u0161koln\u00ed j\u00eddeln\u011b.<\/strong><\/span><\/p>\n<p><strong>\u017d\u00e1ci s\u00a0nejv\u011bt\u0161\u00edm mno\u017estv\u00edm <u>dokonale vyjeden\u00fdch tal\u00ed\u0159\u016f<\/u><\/strong> (kategorie 1. a 2. stupe\u0148) <strong>vyhr\u00e1vaj\u00ed jednou za pololet\u00ed hodnotnou cenu z\u00a0fondu SRP\u0160, dle aktu\u00e1ln\u00ed nab\u00eddky.<\/strong><\/p>\n<p><strong><em> <span style=\"color: #ff6600;\">Sout\u011b\u017en\u00ed ob\u011bd: <a href=\"https:\/\/www.zsskolnivr.cz\/?page_id=360\">ZDE<\/a><\/span><br \/>\n<\/em><\/strong> <em>V\u00a0sout\u011b\u017en\u00ed den bude vchod do j\u00eddelny ozna\u010den logem projektu. Sout\u011b\u017en\u00ed ob\u011bd bude tak\u00e9 v\u00a0p\u0159edstihu zv\u00fdrazn\u011bn na j\u00eddeln\u00ed\u010dku u sborovny a na chodb\u011b k j\u00eddeln\u011b.<\/em> Vyb\u00edran\u00fd ob\u011bd se bude sna\u017eit co nejv\u00edce spl\u0148ovat krit\u00e9ria modern\u00edho, v\u00fd\u017eivov\u011b vyv\u00e1\u017een\u00e9ho a plnohodnotn\u00e9ho \u201ezdrav\u00e9ho\u201c j\u00eddla dle doporu\u010den\u00ed tzv. <a href=\"https:\/\/www.margit.cz\/zdravy-talir\/\">Zdrav\u00e9ho tal\u00ed\u0159e.<\/a><em><br \/>\n<\/em><strong>Vyhodnocen\u00ed projektu a ocen\u011bn\u00ed v\u00edt\u011bzn\u00fdch \u017e\u00e1k\u016f z\u00a0prvn\u00edho a druh\u00e9ho stupn\u011b bude prob\u00edhat v\u017edy jednou za \u010dtvrtlet\u00ed, tedy 4x ve \u0161koln\u00edm\u00a0roce.<\/strong><\/p>\n<p><span style=\"color: #ff6600;\"><strong><u>Sout\u011b\u017en\u00ed pravidla projektu<\/u><\/strong><\/span><\/p>\n<ol>\n<li>\u017d\u00e1k si vyzvedne u ok\u00e9nka \u201esout\u011b\u017en\u00ed ob\u011bd\u201c a \u00fasp\u011b\u0161n\u011b doj\u00ed cel\u00e9 vyzvednut\u00e9 menu, nebo<br \/>\nalespo\u0148 hlavn\u00ed chod.<\/li>\n<li><strong>Dokonale vyjeden\u00fd tal\u00ed\u0159<\/strong> p\u0159ed odevzd\u00e1n\u00edm do odkl\u00e1dac\u00edho ok\u00e9nka uk\u00e1\u017ee u st\u0159edov\u00e9ho<br \/>\npultu zam\u011bstnanci j\u00eddelny, ten jeho sout\u011b\u017en\u00ed v\u00fdkon zaregistruje \u2013 \u017e\u00e1k vy\u010dk\u00e1 v\u00a0klidu a pohod\u011b, a\u017e<br \/>\nho zam\u011bstnanec j\u00eddelny zaregistruje. <strong>\u017d\u00e1k tal\u00ed\u0159 nevylizuje!<\/strong> Nem\u00e1 p\u0159ednostn\u00ed pr\u00e1vo p\u0159ed \u017e\u00e1ky<br \/>\nnakupuj\u00edc\u00edmi v\u00a0sal\u00e1tov\u00e9m \u00a0baru, db\u00e1 bezpe\u010dnosti a voln\u00e9ho pr\u016fchodu ostatn\u00edch spolu\u017e\u00e1k\u016f<br \/>\nvracej\u00edc\u00edch tal\u00ed\u0159e apod.<\/li>\n<li>Vyhr\u00e1vaj\u00ed \u017e\u00e1ci s\u00a0nejv\u011bt\u0161\u00edm mno\u017estv\u00edm vyjeden\u00fdch zdrav\u00fdch ob\u011bd\u016f ve sledovan\u00e9m obdob\u00ed.<\/li>\n<li>Projekt Vyli\u017e tal\u00ed\u0159 je ur\u010den pouze pro \u017e\u00e1ky Z\u0160 \u0160koln\u00ed Vrchlab\u00ed.<\/li>\n<li>P\u0159i podvodn\u00e9m jedn\u00e1n\u00ed bude \u017e\u00e1k vy\u0159azen ze sout\u011b\u017ee na p\u016fl roku (zdrav\u011b si samoz\u0159ejm\u011b m\u016f\u017ee objedn\u00e1vat d\u00e1l).<\/li>\n<\/ol>\n<p><span style=\"color: #ff0000;\">Projekt ukon\u010den v \u010dervnu 2019.<\/span><\/p>\n<p>&nbsp;<\/p>\n","protected":false},"excerpt":{"rendered":"<p>Projekt motivuje objedn\u00e1v\u00e1n\u00ed a konzumov\u00e1n\u00ed zdrav\u00e9 a pestr\u00e9 stravy v\u00a0na\u0161\u00ed \u0161koln\u00ed j\u00eddeln\u011b. \u017d\u00e1ci s\u00a0nejv\u011bt\u0161\u00edm mno\u017estv\u00edm dokonale vyjeden\u00fdch tal\u00ed\u0159\u016f (kategorie 1. a 2. stupe\u0148) vyhr\u00e1vaj\u00ed jednou za pololet\u00ed hodnotnou cenu z\u00a0fondu SRP\u0160, dle aktu\u00e1ln\u00ed nab\u00eddky. Sout\u011b\u017en\u00ed ob\u011bd: ZDE V\u00a0sout\u011b\u017en\u00ed den bude <a href=\"https:\/\/www.zsskolnivr.cz\/?page_id=8087\" class=\"read-more\">Read More &#8230;<\/a><\/p>\n","protected":false},"author":3,"featured_media":0,"parent":0,"menu_order":0,"comment_status":"closed","ping_status":"closed","template":"","meta":{"ngg_post_thumbnail":0,"footnotes":""},"class_list":["post-8087","page","type-page","status-publish","hentry"],"_links":{"self":[{"href":"https:\/\/www.zsskolnivr.cz\/index.php?rest_route=\/wp\/v2\/pages\/8087","targetHints":{"allow":["GET"]}}],"collection":[{"href":"https:\/\/www.zsskolnivr.cz\/index.php?rest_route=\/wp\/v2\/pages"}],"about":[{"href":"https:\/\/www.zsskolnivr.cz\/index.php?rest_route=\/wp\/v2\/types\/page"}],"author":[{"embeddable":true,"href":"https:\/\/www.zsskolnivr.cz\/index.php?rest_route=\/wp\/v2\/users\/3"}],"replies":[{"embeddable":true,"href":"https:\/\/www.zsskolnivr.cz\/index.php?rest_route=%2Fwp%2Fv2%2Fcomments&post=8087"}],"version-history":[{"count":9,"href":"https:\/\/www.zsskolnivr.cz\/index.php?rest_route=\/wp\/v2\/pages\/8087\/revisions"}],"predecessor-version":[{"id":10017,"href":"https:\/\/www.zsskolnivr.cz\/index.php?rest_route=\/wp\/v2\/pages\/8087\/revisions\/10017"}],"wp:attachment":[{"href":"https:\/\/www.zsskolnivr.cz\/index.php?rest_route=%2Fwp%2Fv2%2Fmedia&parent=8087"}],"curies":[{"name":"wp","href":"https:\/\/api.w.org\/{rel}","templated":true}]}}