{"id":81,"date":"2015-07-01T08:00:11","date_gmt":"2015-07-01T08:00:11","guid":{"rendered":"http:\/\/www.zsskolnivr.cz\/?page_id=81"},"modified":"2015-12-16T11:16:08","modified_gmt":"2015-12-16T11:16:08","slug":"vyucovane-predmety","status":"publish","type":"page","link":"https:\/\/www.zsskolnivr.cz\/?page_id=81","title":{"rendered":"2. stupe\u0148"},"content":{"rendered":"<p><a href=\"https:\/\/www.zsskolnivr.cz\/?page_id=63\">Informatika<\/a><\/p>\n<p><a href=\"https:\/\/www.zsskolnivr.cz\/?page_id=73\">Hudebn\u00ed v\u00fdchova<\/a><\/p>\n<p><span style=\"color: #008000;\">Environment\u00e1ln\u00ed v\u00fdchova<\/span><\/p>\n","protected":false},"excerpt":{"rendered":"<p>Informatika Hudebn\u00ed v\u00fdchova Environment\u00e1ln\u00ed v\u00fdchova<\/p>\n","protected":false},"author":1,"featured_media":0,"parent":0,"menu_order":0,"comment_status":"closed","ping_status":"closed","template":"","meta":{"ngg_post_thumbnail":0,"footnotes":""},"class_list":["post-81","page","type-page","status-publish","hentry"],"_links":{"self":[{"href":"https:\/\/www.zsskolnivr.cz\/index.php?rest_route=\/wp\/v2\/pages\/81","targetHints":{"allow":["GET"]}}],"collection":[{"href":"https:\/\/www.zsskolnivr.cz\/index.php?rest_route=\/wp\/v2\/pages"}],"about":[{"href":"https:\/\/www.zsskolnivr.cz\/index.php?rest_route=\/wp\/v2\/types\/page"}],"author":[{"embeddable":true,"href":"https:\/\/www.zsskolnivr.cz\/index.php?rest_route=\/wp\/v2\/users\/1"}],"replies":[{"embeddable":true,"href":"https:\/\/www.zsskolnivr.cz\/index.php?rest_route=%2Fwp%2Fv2%2Fcomments&post=81"}],"version-history":[{"count":7,"href":"https:\/\/www.zsskolnivr.cz\/index.php?rest_route=\/wp\/v2\/pages\/81\/revisions"}],"predecessor-version":[{"id":1270,"href":"https:\/\/www.zsskolnivr.cz\/index.php?rest_route=\/wp\/v2\/pages\/81\/revisions\/1270"}],"wp:attachment":[{"href":"https:\/\/www.zsskolnivr.cz\/index.php?rest_route=%2Fwp%2Fv2%2Fmedia&parent=81"}],"curies":[{"name":"wp","href":"https:\/\/api.w.org\/{rel}","templated":true}]}}