{"id":87,"date":"2018-08-01T08:08:54","date_gmt":"2018-08-01T08:08:54","guid":{"rendered":"http:\/\/www.zsskolnivr.cz\/?page_id=87"},"modified":"2024-04-22T09:16:51","modified_gmt":"2024-04-22T09:16:51","slug":"druzina","status":"publish","type":"page","link":"https:\/\/www.zsskolnivr.cz\/?page_id=87","title":{"rendered":"Dru\u017eina"},"content":{"rendered":"<h3><span style=\"color: #339966;\">Organiza\u010dn\u00ed\u00ad zaji\u0161t\u011bn\u00ed 2022\/2023:<\/span><\/h3>\n<h6><strong><span style=\"color: #339966; font-family: Times New Roman;\">1.odd\u011blen\u00ed<\/span><\/strong><strong> &nbsp; &nbsp;<\/strong> <span style=\"color: #000000; font-family: Times New Roman;\">Mojkov\u00e1 Olga<\/span><span style=\"color: #000000; font-family: Times New Roman;\">&nbsp; &nbsp; &nbsp; &nbsp; &nbsp; &nbsp; &nbsp;1.A&nbsp; 3.<\/span><span style=\"color: #000000; font-family: Times New Roman;\">A<\/span><span style=\"color: #000000; font-family: Times New Roman;\">&nbsp; 4.B<\/span><span style=\"color: #000000; font-family: Times New Roman;\"><br \/>\n<\/span><span style=\"color: #000000; font-family: Times New Roman;\">budova \u0161koly \u2013 pavilon<\/span><span style=\"color: #000000; font-family: Times New Roman;\">&nbsp; <\/span><span style=\"color: #000000; font-family: Times New Roman;\">MVD &nbsp; &nbsp; &nbsp; &nbsp; &nbsp; 1.patro<\/span><\/h6>\n<h6><strong><span style=\"color: #339966; font-family: Times New Roman;\">2.odd\u011blen\u00ed<\/span><\/strong><strong> &nbsp; &nbsp;<\/strong> <span style=\"color: #000000; font-family: Times New Roman;\">Sommerov\u00e1<\/span><span style=\"color: #000000; font-family: Times New Roman;\"> Gabriela&nbsp; &nbsp; 1.C&nbsp; 3.C<\/span><span style=\"color: #000000; font-family: Times New Roman;\"><br \/>\n<\/span><span style=\"color: #000000; font-family: Times New Roman;\">budova \u0161koly \u2013 pavilon <\/span><span style=\"color: #000000; font-family: Times New Roman;\">&nbsp;<\/span><span style=\"color: #000000; font-family: Times New Roman;\">MVD &nbsp; &nbsp; &nbsp; &nbsp; &nbsp;&nbsp; 1.patro<\/span><i><\/i><u><\/u><\/h6>\n<h6><strong><span style=\"color: #339966; font-family: Times New Roman;\">3.odd\u011blen\u00ed<\/span><\/strong><strong> &nbsp; &nbsp;<\/strong> <span style=\"color: #000000; font-family: Times New Roman;\">Sedl\u00e1\u010dkov\u00e1 Renata &nbsp; &nbsp; &nbsp;<\/span><span style=\"color: #000000; font-family: Times New Roman;\">&nbsp; 1.A&nbsp; 2.B&nbsp; 4<\/span><span style=\"color: #000000; font-family: Times New Roman;\">.A<\/span><span style=\"color: #000000; font-family: Times New Roman;\">&nbsp;&nbsp;<\/span><span style=\"color: #000000; font-family: Times New Roman;\"><br \/>\n<\/span><span style=\"color: #000000; font-family: Times New Roman;\">budova \u0161koly \u2013 pavilon<\/span><span style=\"color: #000000; font-family: Times New Roman;\">&nbsp; <\/span><span style=\"color: #000000; font-family: Times New Roman;\">MVD &nbsp; &nbsp; &nbsp; &nbsp; &nbsp;&nbsp; 1.patro<\/span><\/h6>\n<h6><strong><span style=\"color: #339966; font-family: Times New Roman;\">4.odd\u011blen\u00ed &nbsp; &nbsp; &nbsp;<\/span><\/strong><span style=\"color: #000000; font-family: Times New Roman;\">&nbsp; <\/span><span style=\"color: #000000; font-family: Times New Roman;\">Exnerov\u00e1 Barbora <\/span><span style=\"color: #000000; font-family: Times New Roman;\">&nbsp; &nbsp; &nbsp; 1.B&nbsp; 4.C<br \/>\n<\/span><span style=\"color: #000000; font-family: Times New Roman;\">budova u h\u0159i\u0161t\u011b &#8222;finan\u010d\u00e1k&#8220; &nbsp; &nbsp; &nbsp; &nbsp; &nbsp; &nbsp;&nbsp; 1.patro vlevo<\/span><\/h6>\n<h6><strong><span style=\"color: #339966; font-family: Times New Roman;\">5.odd\u011blen\u00ed &nbsp; &nbsp; &nbsp;&nbsp;<\/span> <\/strong><span style=\"color: #000000; font-family: Times New Roman;\">Hovardov\u00e1 Iveta &nbsp; &nbsp; &nbsp; 2<\/span><span style=\"color: #000000; font-family: Times New Roman;\">.A<\/span><span style=\"color: #000000; font-family: Times New Roman;\"> &nbsp;3<\/span><span style=\"color: #000000; font-family: Times New Roman;\">.B&nbsp;&nbsp;<\/span><span style=\"color: #000000; font-family: Times New Roman;\"><br \/>\nbudova u h\u0159i\u0161t\u011b <\/span><span style=\"color: #000000; font-family: Times New Roman;\">&#8222;finan\u010d\u00e1k&#8220; &nbsp; &nbsp; &nbsp; &nbsp; &nbsp;&nbsp; 1.patro vpravo<\/span><\/h6>\n<h6><strong><span style=\"color: #339966; font-family: Times New Roman;\">6.odd\u011blen\u00ed &nbsp; &nbsp; &nbsp;<\/span><span style=\"color: #000000; font-family: Times New Roman;\"><span style=\"color: #339966;\">&nbsp;<\/span> <\/span><\/strong><span style=\"color: #000000; font-family: Times New Roman;\">Mar\u010d\u00edkov\u00e1 Radka<\/span><span style=\"color: #000000; font-family: Times New Roman;\">&nbsp; &nbsp; &nbsp; &nbsp; &nbsp; &nbsp;2.C&nbsp; 3.B<\/span><span style=\"color: #000000; font-family: Times New Roman;\">&nbsp;&nbsp;<\/span><span style=\"color: #000000; font-family: Times New Roman;\"><br \/>\nbudova u h\u0159i\u0161t\u011b &#8222;<\/span><span style=\"color: #000000; font-family: Times New Roman;\">finan\u010d\u00e1k&#8220; &nbsp; &nbsp; &nbsp; &nbsp; &nbsp; &nbsp; p\u0159\u00edzem\u00ed vlevo<\/span><\/h6>\n<h3>&nbsp;<\/h3>\n<p><a href=\"https:\/\/www.zsskolnivr.cz\/wp-content\/uploads\/2024\/04\/vnitrni-rad-SD-2023-2024-1.pdf\" target=\"_blank\" rel=\"noopener noreferrer\">Vnit\u0159n\u00ed \u0159\u00e1d \u0161koln\u00ed dru\u017einy<\/a><\/p>\n<h3>Cesta kolem sv\u011bta:<br \/>\n<p>Invalid Displayed Gallery<\/p><\/h3>\n<h3>Interhaf v dru\u017ein\u011b:<\/h3>\n<p><p>Invalid Displayed Gallery<\/p><\/p>\n","protected":false},"excerpt":{"rendered":"<p>Organiza\u010dn\u00ed\u00ad zaji\u0161t\u011bn\u00ed 2022\/2023: 1.odd\u011blen\u00ed &nbsp; &nbsp; Mojkov\u00e1 Olga&nbsp; &nbsp; &nbsp; &nbsp; &nbsp; &nbsp; &nbsp;1.A&nbsp; 3.A&nbsp; 4.B budova \u0161koly \u2013 pavilon&nbsp; MVD &nbsp; &nbsp; &nbsp; &nbsp; &nbsp; 1.patro 2.odd\u011blen\u00ed &nbsp; &nbsp; Sommerov\u00e1 Gabriela&nbsp; &nbsp; 1.C&nbsp; 3.C budova \u0161koly \u2013 pavilon &nbsp;MVD <a href=\"https:\/\/www.zsskolnivr.cz\/?page_id=87\" class=\"read-more\">Read More &#8230;<\/a><\/p>\n","protected":false},"author":1,"featured_media":0,"parent":0,"menu_order":0,"comment_status":"closed","ping_status":"closed","template":"","meta":{"ngg_post_thumbnail":0,"footnotes":""},"class_list":["post-87","page","type-page","status-publish","hentry"],"_links":{"self":[{"href":"https:\/\/www.zsskolnivr.cz\/index.php?rest_route=\/wp\/v2\/pages\/87","targetHints":{"allow":["GET"]}}],"collection":[{"href":"https:\/\/www.zsskolnivr.cz\/index.php?rest_route=\/wp\/v2\/pages"}],"about":[{"href":"https:\/\/www.zsskolnivr.cz\/index.php?rest_route=\/wp\/v2\/types\/page"}],"author":[{"embeddable":true,"href":"https:\/\/www.zsskolnivr.cz\/index.php?rest_route=\/wp\/v2\/users\/1"}],"replies":[{"embeddable":true,"href":"https:\/\/www.zsskolnivr.cz\/index.php?rest_route=%2Fwp%2Fv2%2Fcomments&post=87"}],"version-history":[{"count":29,"href":"https:\/\/www.zsskolnivr.cz\/index.php?rest_route=\/wp\/v2\/pages\/87\/revisions"}],"predecessor-version":[{"id":13292,"href":"https:\/\/www.zsskolnivr.cz\/index.php?rest_route=\/wp\/v2\/pages\/87\/revisions\/13292"}],"wp:attachment":[{"href":"https:\/\/www.zsskolnivr.cz\/index.php?rest_route=%2Fwp%2Fv2%2Fmedia&parent=87"}],"curies":[{"name":"wp","href":"https:\/\/api.w.org\/{rel}","templated":true}]}}