{"id":8842,"date":"2019-02-09T15:11:20","date_gmt":"2019-02-09T15:11:20","guid":{"rendered":"http:\/\/www.zsskolnivr.cz\/?page_id=8842"},"modified":"2019-02-12T11:10:50","modified_gmt":"2019-02-12T11:10:50","slug":"zachranme-krakonosova-kuratka","status":"publish","type":"page","link":"https:\/\/www.zsskolnivr.cz\/?page_id=8842","title":{"rendered":"Zachra\u0148me Krakono\u0161ova ku\u0159\u00e1tka"},"content":{"rendered":"<p>Komiksov\u00fd p\u0159\u00edb\u011bh p\u0159ibli\u017euje problematiku ohro\u017een\u00ed tet\u0159\u00edvka obecn\u00e9ho a ukazuje mo\u017enosti, jak zachr\u00e1nit tohoto ryt\u00ed\u0159e pta\u010d\u00ed \u0159\u00ed\u0161e prost\u0159ednictv\u00edm \u0161etrn\u00e9ho cestovn\u00edho ruchu.<\/p>\n<p><!-- index.php -->\n<div\n\tclass=\"ngg-galleryoverview\n\t\t\"\n\tid=\"ngg-gallery-fcb69987667aa941a36046b0f5a6206a-1\">\n\n\t\t\t<!-- Thumbnails -->\n\t\t\t\t<div id=\"ngg-image-0\" class=\"ngg-gallery-thumbnail-box\"\n\t\t\t\t\t\t\t\t\t\t\t>\n\t\t\t\t\t\t<div class=\"ngg-gallery-thumbnail\">\n\t\t\t<a href=\"http:\/\/www.zsskolnivr.cz\/wp-content\/gallery\/tetrivek\/komiks1-001.jpg\"\n\t\t\t\ttitle=\"\"\n\t\t\t\tdata-src=\"http:\/\/www.zsskolnivr.cz\/wp-content\/gallery\/tetrivek\/komiks1-001.jpg\"\n\t\t\t\tdata-thumbnail=\"http:\/\/www.zsskolnivr.cz\/wp-content\/gallery\/tetrivek\/thumbs\/thumbs_komiks1-001.jpg\"\n\t\t\t\tdata-image-id=\"2850\"\n\t\t\t\tdata-title=\"komiks1 001\"\n\t\t\t\tdata-description=\"\"\n\t\t\t\tdata-image-slug=\"komiks1-001\"\n\t\t\t\tclass='use_imagebrowser_effect' data-imagebrowser-url='https:\/\/www.zsskolnivr.cz\/index.php\/nggallery\/image\/%STUB%?page_id=8842'>\n\t\t\t\t<img\n\t\t\t\t\ttitle=\"komiks1 001\"\n\t\t\t\t\talt=\"komiks1 001\"\n\t\t\t\t\tsrc=\"http:\/\/www.zsskolnivr.cz\/wp-content\/gallery\/tetrivek\/cache\/komiks1-001.jpg-nggid042850-ngg0dyn-60x40x100-00f0w010c011r110f110r010t010.jpg\"\n\t\t\t\t\twidth=\"60\"\n\t\t\t\t\theight=\"40\"\n\t\t\t\t\tstyle=\"max-width:100%;\"\n\t\t\t\t\/>\n\t\t\t<\/a>\n\t\t<\/div>\n\t\t\t\t\t\t\t<\/div>\n\t\t\t\n\t\t\t\t\t\t\t\n\t\t\t\t<div id=\"ngg-image-1\" class=\"ngg-gallery-thumbnail-box\"\n\t\t\t\t\t\t\t\t\t\t\t>\n\t\t\t\t\t\t<div class=\"ngg-gallery-thumbnail\">\n\t\t\t<a href=\"http:\/\/www.zsskolnivr.cz\/wp-content\/gallery\/tetrivek\/komiks2-001.jpg\"\n\t\t\t\ttitle=\"\"\n\t\t\t\tdata-src=\"http:\/\/www.zsskolnivr.cz\/wp-content\/gallery\/tetrivek\/komiks2-001.jpg\"\n\t\t\t\tdata-thumbnail=\"http:\/\/www.zsskolnivr.cz\/wp-content\/gallery\/tetrivek\/thumbs\/thumbs_komiks2-001.jpg\"\n\t\t\t\tdata-image-id=\"2851\"\n\t\t\t\tdata-title=\"komiks2 001\"\n\t\t\t\tdata-description=\"\"\n\t\t\t\tdata-image-slug=\"komiks2-001\"\n\t\t\t\tclass='use_imagebrowser_effect' data-imagebrowser-url='https:\/\/www.zsskolnivr.cz\/index.php\/nggallery\/image\/%STUB%?page_id=8842'>\n\t\t\t\t<img\n\t\t\t\t\ttitle=\"komiks2 001\"\n\t\t\t\t\talt=\"komiks2 001\"\n\t\t\t\t\tsrc=\"http:\/\/www.zsskolnivr.cz\/wp-content\/gallery\/tetrivek\/cache\/komiks2-001.jpg-nggid042851-ngg0dyn-60x40x100-00f0w010c011r110f110r010t010.jpg\"\n\t\t\t\t\twidth=\"60\"\n\t\t\t\t\theight=\"40\"\n\t\t\t\t\tstyle=\"max-width:100%;\"\n\t\t\t\t\/>\n\t\t\t<\/a>\n\t\t<\/div>\n\t\t\t\t\t\t\t<\/div>\n\t\t\t\n\t\t\t\t\t\t\t\n\t\t\t\t<div id=\"ngg-image-2\" class=\"ngg-gallery-thumbnail-box\"\n\t\t\t\t\t\t\t\t\t\t\t>\n\t\t\t\t\t\t<div class=\"ngg-gallery-thumbnail\">\n\t\t\t<a href=\"http:\/\/www.zsskolnivr.cz\/wp-content\/gallery\/tetrivek\/komiks3-001.jpg\"\n\t\t\t\ttitle=\"\"\n\t\t\t\tdata-src=\"http:\/\/www.zsskolnivr.cz\/wp-content\/gallery\/tetrivek\/komiks3-001.jpg\"\n\t\t\t\tdata-thumbnail=\"http:\/\/www.zsskolnivr.cz\/wp-content\/gallery\/tetrivek\/thumbs\/thumbs_komiks3-001.jpg\"\n\t\t\t\tdata-image-id=\"2852\"\n\t\t\t\tdata-title=\"komiks3 001\"\n\t\t\t\tdata-description=\"\"\n\t\t\t\tdata-image-slug=\"komiks3-001\"\n\t\t\t\tclass='use_imagebrowser_effect' data-imagebrowser-url='https:\/\/www.zsskolnivr.cz\/index.php\/nggallery\/image\/%STUB%?page_id=8842'>\n\t\t\t\t<img\n\t\t\t\t\ttitle=\"komiks3 001\"\n\t\t\t\t\talt=\"komiks3 001\"\n\t\t\t\t\tsrc=\"http:\/\/www.zsskolnivr.cz\/wp-content\/gallery\/tetrivek\/cache\/komiks3-001.jpg-nggid042852-ngg0dyn-60x40x100-00f0w010c011r110f110r010t010.jpg\"\n\t\t\t\t\twidth=\"60\"\n\t\t\t\t\theight=\"40\"\n\t\t\t\t\tstyle=\"max-width:100%;\"\n\t\t\t\t\/>\n\t\t\t<\/a>\n\t\t<\/div>\n\t\t\t\t\t\t\t<\/div>\n\t\t\t\n\t\t\t\t\t\t\t\n\t\t\t\t<div id=\"ngg-image-3\" class=\"ngg-gallery-thumbnail-box\"\n\t\t\t\t\t\t\t\t\t\t\t>\n\t\t\t\t\t\t<div class=\"ngg-gallery-thumbnail\">\n\t\t\t<a href=\"http:\/\/www.zsskolnivr.cz\/wp-content\/gallery\/tetrivek\/komiks4-001.jpg\"\n\t\t\t\ttitle=\"\"\n\t\t\t\tdata-src=\"http:\/\/www.zsskolnivr.cz\/wp-content\/gallery\/tetrivek\/komiks4-001.jpg\"\n\t\t\t\tdata-thumbnail=\"http:\/\/www.zsskolnivr.cz\/wp-content\/gallery\/tetrivek\/thumbs\/thumbs_komiks4-001.jpg\"\n\t\t\t\tdata-image-id=\"2853\"\n\t\t\t\tdata-title=\"komiks4 001\"\n\t\t\t\tdata-description=\"\"\n\t\t\t\tdata-image-slug=\"komiks4-001\"\n\t\t\t\tclass='use_imagebrowser_effect' data-imagebrowser-url='https:\/\/www.zsskolnivr.cz\/index.php\/nggallery\/image\/%STUB%?page_id=8842'>\n\t\t\t\t<img\n\t\t\t\t\ttitle=\"komiks4 001\"\n\t\t\t\t\talt=\"komiks4 001\"\n\t\t\t\t\tsrc=\"http:\/\/www.zsskolnivr.cz\/wp-content\/gallery\/tetrivek\/cache\/komiks4-001.jpg-nggid042853-ngg0dyn-60x40x100-00f0w010c011r110f110r010t010.jpg\"\n\t\t\t\t\twidth=\"60\"\n\t\t\t\t\theight=\"40\"\n\t\t\t\t\tstyle=\"max-width:100%;\"\n\t\t\t\t\/>\n\t\t\t<\/a>\n\t\t<\/div>\n\t\t\t\t\t\t\t<\/div>\n\t\t\t\n\t\t\t\t\t\t\t\t\t<br style=\"clear: both\" \/>\n\t\t\t\t\t\n\t\t\t\t<div id=\"ngg-image-4\" class=\"ngg-gallery-thumbnail-box\"\n\t\t\t\t\t\t\t\t\t\t\t>\n\t\t\t\t\t\t<div class=\"ngg-gallery-thumbnail\">\n\t\t\t<a href=\"http:\/\/www.zsskolnivr.cz\/wp-content\/gallery\/tetrivek\/komiks5-001.jpg\"\n\t\t\t\ttitle=\"\"\n\t\t\t\tdata-src=\"http:\/\/www.zsskolnivr.cz\/wp-content\/gallery\/tetrivek\/komiks5-001.jpg\"\n\t\t\t\tdata-thumbnail=\"http:\/\/www.zsskolnivr.cz\/wp-content\/gallery\/tetrivek\/thumbs\/thumbs_komiks5-001.jpg\"\n\t\t\t\tdata-image-id=\"2854\"\n\t\t\t\tdata-title=\"komiks5 001\"\n\t\t\t\tdata-description=\"\"\n\t\t\t\tdata-image-slug=\"komiks5-001\"\n\t\t\t\tclass='use_imagebrowser_effect' data-imagebrowser-url='https:\/\/www.zsskolnivr.cz\/index.php\/nggallery\/image\/%STUB%?page_id=8842'>\n\t\t\t\t<img\n\t\t\t\t\ttitle=\"komiks5 001\"\n\t\t\t\t\talt=\"komiks5 001\"\n\t\t\t\t\tsrc=\"http:\/\/www.zsskolnivr.cz\/wp-content\/gallery\/tetrivek\/cache\/komiks5-001.jpg-nggid042854-ngg0dyn-60x40x100-00f0w010c011r110f110r010t010.jpg\"\n\t\t\t\t\twidth=\"60\"\n\t\t\t\t\theight=\"40\"\n\t\t\t\t\tstyle=\"max-width:100%;\"\n\t\t\t\t\/>\n\t\t\t<\/a>\n\t\t<\/div>\n\t\t\t\t\t\t\t<\/div>\n\t\t\t\n\t\t\t\t\t\t\t\n\t\t\t\t<div id=\"ngg-image-5\" class=\"ngg-gallery-thumbnail-box\"\n\t\t\t\t\t\t\t\t\t\t\t>\n\t\t\t\t\t\t<div class=\"ngg-gallery-thumbnail\">\n\t\t\t<a href=\"http:\/\/www.zsskolnivr.cz\/wp-content\/gallery\/tetrivek\/komiks6-001.jpg\"\n\t\t\t\ttitle=\"\"\n\t\t\t\tdata-src=\"http:\/\/www.zsskolnivr.cz\/wp-content\/gallery\/tetrivek\/komiks6-001.jpg\"\n\t\t\t\tdata-thumbnail=\"http:\/\/www.zsskolnivr.cz\/wp-content\/gallery\/tetrivek\/thumbs\/thumbs_komiks6-001.jpg\"\n\t\t\t\tdata-image-id=\"2855\"\n\t\t\t\tdata-title=\"komiks6 001\"\n\t\t\t\tdata-description=\"\"\n\t\t\t\tdata-image-slug=\"komiks6-001\"\n\t\t\t\tclass='use_imagebrowser_effect' data-imagebrowser-url='https:\/\/www.zsskolnivr.cz\/index.php\/nggallery\/image\/%STUB%?page_id=8842'>\n\t\t\t\t<img\n\t\t\t\t\ttitle=\"komiks6 001\"\n\t\t\t\t\talt=\"komiks6 001\"\n\t\t\t\t\tsrc=\"http:\/\/www.zsskolnivr.cz\/wp-content\/gallery\/tetrivek\/cache\/komiks6-001.jpg-nggid042855-ngg0dyn-60x40x100-00f0w010c011r110f110r010t010.jpg\"\n\t\t\t\t\twidth=\"60\"\n\t\t\t\t\theight=\"40\"\n\t\t\t\t\tstyle=\"max-width:100%;\"\n\t\t\t\t\/>\n\t\t\t<\/a>\n\t\t<\/div>\n\t\t\t\t\t\t\t<\/div>\n\t\t\t\n\t\t\t\t\t\t\t\n\t\t\t\t<div id=\"ngg-image-6\" class=\"ngg-gallery-thumbnail-box\"\n\t\t\t\t\t\t\t\t\t\t\t>\n\t\t\t\t\t\t<div class=\"ngg-gallery-thumbnail\">\n\t\t\t<a href=\"http:\/\/www.zsskolnivr.cz\/wp-content\/gallery\/tetrivek\/komiks7-001.jpg\"\n\t\t\t\ttitle=\"\"\n\t\t\t\tdata-src=\"http:\/\/www.zsskolnivr.cz\/wp-content\/gallery\/tetrivek\/komiks7-001.jpg\"\n\t\t\t\tdata-thumbnail=\"http:\/\/www.zsskolnivr.cz\/wp-content\/gallery\/tetrivek\/thumbs\/thumbs_komiks7-001.jpg\"\n\t\t\t\tdata-image-id=\"2856\"\n\t\t\t\tdata-title=\"komiks7 001\"\n\t\t\t\tdata-description=\"\"\n\t\t\t\tdata-image-slug=\"komiks7-001\"\n\t\t\t\tclass='use_imagebrowser_effect' data-imagebrowser-url='https:\/\/www.zsskolnivr.cz\/index.php\/nggallery\/image\/%STUB%?page_id=8842'>\n\t\t\t\t<img\n\t\t\t\t\ttitle=\"komiks7 001\"\n\t\t\t\t\talt=\"komiks7 001\"\n\t\t\t\t\tsrc=\"http:\/\/www.zsskolnivr.cz\/wp-content\/gallery\/tetrivek\/cache\/komiks7-001.jpg-nggid042856-ngg0dyn-60x40x100-00f0w010c011r110f110r010t010.jpg\"\n\t\t\t\t\twidth=\"60\"\n\t\t\t\t\theight=\"40\"\n\t\t\t\t\tstyle=\"max-width:100%;\"\n\t\t\t\t\/>\n\t\t\t<\/a>\n\t\t<\/div>\n\t\t\t\t\t\t\t<\/div>\n\t\t\t\n\t\t\t\t\t\t\t\n\t\t\t\t<div id=\"ngg-image-7\" class=\"ngg-gallery-thumbnail-box\"\n\t\t\t\t\t\t\t\t\t\t\t>\n\t\t\t\t\t\t<div class=\"ngg-gallery-thumbnail\">\n\t\t\t<a href=\"http:\/\/www.zsskolnivr.cz\/wp-content\/gallery\/tetrivek\/komiks8-001.jpg\"\n\t\t\t\ttitle=\"\"\n\t\t\t\tdata-src=\"http:\/\/www.zsskolnivr.cz\/wp-content\/gallery\/tetrivek\/komiks8-001.jpg\"\n\t\t\t\tdata-thumbnail=\"http:\/\/www.zsskolnivr.cz\/wp-content\/gallery\/tetrivek\/thumbs\/thumbs_komiks8-001.jpg\"\n\t\t\t\tdata-image-id=\"2857\"\n\t\t\t\tdata-title=\"komiks8 001\"\n\t\t\t\tdata-description=\"\"\n\t\t\t\tdata-image-slug=\"komiks8-001\"\n\t\t\t\tclass='use_imagebrowser_effect' data-imagebrowser-url='https:\/\/www.zsskolnivr.cz\/index.php\/nggallery\/image\/%STUB%?page_id=8842'>\n\t\t\t\t<img\n\t\t\t\t\ttitle=\"komiks8 001\"\n\t\t\t\t\talt=\"komiks8 001\"\n\t\t\t\t\tsrc=\"http:\/\/www.zsskolnivr.cz\/wp-content\/gallery\/tetrivek\/cache\/komiks8-001.jpg-nggid042857-ngg0dyn-60x40x100-00f0w010c011r110f110r010t010.jpg\"\n\t\t\t\t\twidth=\"60\"\n\t\t\t\t\theight=\"40\"\n\t\t\t\t\tstyle=\"max-width:100%;\"\n\t\t\t\t\/>\n\t\t\t<\/a>\n\t\t<\/div>\n\t\t\t\t\t\t\t<\/div>\n\t\t\t\n\t\t\t\t\t\t\t\t\t<br style=\"clear: both\" \/>\n\t\t\t\t\t\n\t\t\t\t<div id=\"ngg-image-8\" class=\"ngg-gallery-thumbnail-box\"\n\t\t\t\t\t\t\t\t\t\t\t>\n\t\t\t\t\t\t<div class=\"ngg-gallery-thumbnail\">\n\t\t\t<a href=\"http:\/\/www.zsskolnivr.cz\/wp-content\/gallery\/tetrivek\/komiks9-001.jpg\"\n\t\t\t\ttitle=\"\"\n\t\t\t\tdata-src=\"http:\/\/www.zsskolnivr.cz\/wp-content\/gallery\/tetrivek\/komiks9-001.jpg\"\n\t\t\t\tdata-thumbnail=\"http:\/\/www.zsskolnivr.cz\/wp-content\/gallery\/tetrivek\/thumbs\/thumbs_komiks9-001.jpg\"\n\t\t\t\tdata-image-id=\"2858\"\n\t\t\t\tdata-title=\"komiks9 001\"\n\t\t\t\tdata-description=\"\"\n\t\t\t\tdata-image-slug=\"komiks9-001\"\n\t\t\t\tclass='use_imagebrowser_effect' data-imagebrowser-url='https:\/\/www.zsskolnivr.cz\/index.php\/nggallery\/image\/%STUB%?page_id=8842'>\n\t\t\t\t<img\n\t\t\t\t\ttitle=\"komiks9 001\"\n\t\t\t\t\talt=\"komiks9 001\"\n\t\t\t\t\tsrc=\"http:\/\/www.zsskolnivr.cz\/wp-content\/gallery\/tetrivek\/cache\/komiks9-001.jpg-nggid042858-ngg0dyn-60x40x100-00f0w010c011r110f110r010t010.jpg\"\n\t\t\t\t\twidth=\"60\"\n\t\t\t\t\theight=\"40\"\n\t\t\t\t\tstyle=\"max-width:100%;\"\n\t\t\t\t\/>\n\t\t\t<\/a>\n\t\t<\/div>\n\t\t\t\t\t\t\t<\/div>\n\t\t\t\n\t\t\t\t\t\t\t\n\t\t\t\t<div id=\"ngg-image-9\" class=\"ngg-gallery-thumbnail-box\"\n\t\t\t\t\t\t\t\t\t\t\t>\n\t\t\t\t\t\t<div class=\"ngg-gallery-thumbnail\">\n\t\t\t<a href=\"http:\/\/www.zsskolnivr.cz\/wp-content\/gallery\/tetrivek\/komiks10-001.jpg\"\n\t\t\t\ttitle=\"\"\n\t\t\t\tdata-src=\"http:\/\/www.zsskolnivr.cz\/wp-content\/gallery\/tetrivek\/komiks10-001.jpg\"\n\t\t\t\tdata-thumbnail=\"http:\/\/www.zsskolnivr.cz\/wp-content\/gallery\/tetrivek\/thumbs\/thumbs_komiks10-001.jpg\"\n\t\t\t\tdata-image-id=\"2859\"\n\t\t\t\tdata-title=\"komiks10 001\"\n\t\t\t\tdata-description=\"\"\n\t\t\t\tdata-image-slug=\"komiks10-001\"\n\t\t\t\tclass='use_imagebrowser_effect' data-imagebrowser-url='https:\/\/www.zsskolnivr.cz\/index.php\/nggallery\/image\/%STUB%?page_id=8842'>\n\t\t\t\t<img\n\t\t\t\t\ttitle=\"komiks10 001\"\n\t\t\t\t\talt=\"komiks10 001\"\n\t\t\t\t\tsrc=\"http:\/\/www.zsskolnivr.cz\/wp-content\/gallery\/tetrivek\/cache\/komiks10-001.jpg-nggid042859-ngg0dyn-60x40x100-00f0w010c011r110f110r010t010.jpg\"\n\t\t\t\t\twidth=\"60\"\n\t\t\t\t\theight=\"40\"\n\t\t\t\t\tstyle=\"max-width:100%;\"\n\t\t\t\t\/>\n\t\t\t<\/a>\n\t\t<\/div>\n\t\t\t\t\t\t\t<\/div>\n\t\t\t\n\t\t\t\t\t\t\t\n\t\t\t\t<div id=\"ngg-image-10\" class=\"ngg-gallery-thumbnail-box\"\n\t\t\t\t\t\t\t\t\t\t\t>\n\t\t\t\t\t\t<div class=\"ngg-gallery-thumbnail\">\n\t\t\t<a href=\"http:\/\/www.zsskolnivr.cz\/wp-content\/gallery\/tetrivek\/komiks11-001.jpg\"\n\t\t\t\ttitle=\"\"\n\t\t\t\tdata-src=\"http:\/\/www.zsskolnivr.cz\/wp-content\/gallery\/tetrivek\/komiks11-001.jpg\"\n\t\t\t\tdata-thumbnail=\"http:\/\/www.zsskolnivr.cz\/wp-content\/gallery\/tetrivek\/thumbs\/thumbs_komiks11-001.jpg\"\n\t\t\t\tdata-image-id=\"2860\"\n\t\t\t\tdata-title=\"komiks11 001\"\n\t\t\t\tdata-description=\"\"\n\t\t\t\tdata-image-slug=\"komiks11-001\"\n\t\t\t\tclass='use_imagebrowser_effect' data-imagebrowser-url='https:\/\/www.zsskolnivr.cz\/index.php\/nggallery\/image\/%STUB%?page_id=8842'>\n\t\t\t\t<img\n\t\t\t\t\ttitle=\"komiks11 001\"\n\t\t\t\t\talt=\"komiks11 001\"\n\t\t\t\t\tsrc=\"http:\/\/www.zsskolnivr.cz\/wp-content\/gallery\/tetrivek\/cache\/komiks11-001.jpg-nggid042860-ngg0dyn-60x40x100-00f0w010c011r110f110r010t010.jpg\"\n\t\t\t\t\twidth=\"60\"\n\t\t\t\t\theight=\"40\"\n\t\t\t\t\tstyle=\"max-width:100%;\"\n\t\t\t\t\/>\n\t\t\t<\/a>\n\t\t<\/div>\n\t\t\t\t\t\t\t<\/div>\n\t\t\t\n\t\t\t\t\t\t\t\n\t\t\t\t<div id=\"ngg-image-11\" class=\"ngg-gallery-thumbnail-box\"\n\t\t\t\t\t\t\t\t\t\t\t>\n\t\t\t\t\t\t<div class=\"ngg-gallery-thumbnail\">\n\t\t\t<a href=\"http:\/\/www.zsskolnivr.cz\/wp-content\/gallery\/tetrivek\/komiks12-001.jpg\"\n\t\t\t\ttitle=\"\"\n\t\t\t\tdata-src=\"http:\/\/www.zsskolnivr.cz\/wp-content\/gallery\/tetrivek\/komiks12-001.jpg\"\n\t\t\t\tdata-thumbnail=\"http:\/\/www.zsskolnivr.cz\/wp-content\/gallery\/tetrivek\/thumbs\/thumbs_komiks12-001.jpg\"\n\t\t\t\tdata-image-id=\"2861\"\n\t\t\t\tdata-title=\"komiks12 001\"\n\t\t\t\tdata-description=\"\"\n\t\t\t\tdata-image-slug=\"komiks12-001\"\n\t\t\t\tclass='use_imagebrowser_effect' data-imagebrowser-url='https:\/\/www.zsskolnivr.cz\/index.php\/nggallery\/image\/%STUB%?page_id=8842'>\n\t\t\t\t<img\n\t\t\t\t\ttitle=\"komiks12 001\"\n\t\t\t\t\talt=\"komiks12 001\"\n\t\t\t\t\tsrc=\"http:\/\/www.zsskolnivr.cz\/wp-content\/gallery\/tetrivek\/cache\/komiks12-001.jpg-nggid042861-ngg0dyn-60x40x100-00f0w010c011r110f110r010t010.jpg\"\n\t\t\t\t\twidth=\"60\"\n\t\t\t\t\theight=\"40\"\n\t\t\t\t\tstyle=\"max-width:100%;\"\n\t\t\t\t\/>\n\t\t\t<\/a>\n\t\t<\/div>\n\t\t\t\t\t\t\t<\/div>\n\t\t\t\n\t\t\t\t\t\t\t\t\t<br style=\"clear: both\" \/>\n\t\t\t\t\t\n\t\t\n\t\t<!-- Pagination -->\n\t\t<div class='ngg-clear'><\/div>\t<\/div>\n<\/p>\n<p>PDF verze ke sta\u017een\u00ed:\u00a0<a href=\"https:\/\/www.zsskolnivr.cz\/wp-content\/files\/ekologicka_vychova\/tetrivekZS.pdf\">ZDE<\/a><\/p>\n<p>Komiks vznikl v Z\u0160 \u0160koln\u00ed, texty p\u0159ipom\u00ednkovali krkono\u0161\u0161t\u00ed a v\u00fdchodo\u010de\u0161t\u00ed ornitologov\u00e9. Byl vyd\u00e1n ve spolupr\u00e1ci se St\u0159ediekem ekologick\u00e9 v\u00fdchovy <a href=\"http:\/\/sever.ekologickavychova.cz\/sever-horni-marsov\/\">SEVER<\/a>, finan\u010dn\u00ed prost\u0159edky na projekt Listov\u00e1n\u00ed o n\u00e1rodn\u00edm parku posyktl SF\u017dP a Ministerstvo \u017dP \u010cR.<\/p>\n<p><img loading=\"lazy\" decoding=\"async\" id=\"shTopImg\" class=\"\" title=\"Kliknut\u00edm zav\u0159\u00edt\" src=\"https:\/\/www.zsskolnivr.cz\/wp-content\/gallery\/loga-1\/logo-sever.png?i=660405941\" width=\"159\" height=\"118\" \/><img loading=\"lazy\" decoding=\"async\" id=\"shTopImg\" class=\"\" title=\"Kliknut\u00edm zav\u0159\u00edt\" src=\"https:\/\/www.zsskolnivr.cz\/wp-content\/gallery\/loga-1\/SFZP_logo.jpg?i=1244256081\" width=\"199\" height=\"63\" \/><\/p>\n","protected":false},"excerpt":{"rendered":"<p>Komiksov\u00fd p\u0159\u00edb\u011bh p\u0159ibli\u017euje problematiku ohro\u017een\u00ed tet\u0159\u00edvka obecn\u00e9ho a ukazuje mo\u017enosti, jak zachr\u00e1nit tohoto ryt\u00ed\u0159e pta\u010d\u00ed \u0159\u00ed\u0161e prost\u0159ednictv\u00edm \u0161etrn\u00e9ho cestovn\u00edho ruchu. PDF verze ke sta\u017een\u00ed:\u00a0ZDE Komiks vznikl v Z\u0160 \u0160koln\u00ed, texty p\u0159ipom\u00ednkovali krkono\u0161\u0161t\u00ed a v\u00fdchodo\u010de\u0161t\u00ed ornitologov\u00e9. Byl vyd\u00e1n ve spolupr\u00e1ci se <a href=\"https:\/\/www.zsskolnivr.cz\/?page_id=8842\" class=\"read-more\">Read More &#8230;<\/a><\/p>\n","protected":false},"author":3,"featured_media":0,"parent":0,"menu_order":0,"comment_status":"closed","ping_status":"closed","template":"","meta":{"ngg_post_thumbnail":0,"footnotes":""},"class_list":["post-8842","page","type-page","status-publish","hentry"],"_links":{"self":[{"href":"https:\/\/www.zsskolnivr.cz\/index.php?rest_route=\/wp\/v2\/pages\/8842","targetHints":{"allow":["GET"]}}],"collection":[{"href":"https:\/\/www.zsskolnivr.cz\/index.php?rest_route=\/wp\/v2\/pages"}],"about":[{"href":"https:\/\/www.zsskolnivr.cz\/index.php?rest_route=\/wp\/v2\/types\/page"}],"author":[{"embeddable":true,"href":"https:\/\/www.zsskolnivr.cz\/index.php?rest_route=\/wp\/v2\/users\/3"}],"replies":[{"embeddable":true,"href":"https:\/\/www.zsskolnivr.cz\/index.php?rest_route=%2Fwp%2Fv2%2Fcomments&post=8842"}],"version-history":[{"count":8,"href":"https:\/\/www.zsskolnivr.cz\/index.php?rest_route=\/wp\/v2\/pages\/8842\/revisions"}],"predecessor-version":[{"id":8952,"href":"https:\/\/www.zsskolnivr.cz\/index.php?rest_route=\/wp\/v2\/pages\/8842\/revisions\/8952"}],"wp:attachment":[{"href":"https:\/\/www.zsskolnivr.cz\/index.php?rest_route=%2Fwp%2Fv2%2Fmedia&parent=8842"}],"curies":[{"name":"wp","href":"https:\/\/api.w.org\/{rel}","templated":true}]}}