{"id":9036,"date":"2019-02-15T14:41:49","date_gmt":"2019-02-15T14:41:49","guid":{"rendered":"http:\/\/www.zsskolnivr.cz\/?page_id=9036"},"modified":"2021-01-03T09:55:45","modified_gmt":"2021-01-03T09:55:45","slug":"napsali-o-nas","status":"publish","type":"page","link":"https:\/\/www.zsskolnivr.cz\/?page_id=9036","title":{"rendered":"Napsali o n\u00e1s"},"content":{"rendered":"<p><span style=\"color: #800000;\"><strong>Na t\u00e9to str\u00e1nce najdete \u010dl\u00e1nky publikovan\u00e9 o na\u0161\u00ed \u0161kole od roku 2019 <\/strong>(form\u00e1t pdf)<strong>:<\/strong><\/span><\/p>\n<p><strong>Krkono\u0161sk\u00fd Den\u00edk, 30.11.2020: <span style=\"color: #993300;\">Obrazce atom\u016f a molekul zachra\u0148uj\u00ed pta\u010d\u00ed \u017eivoty: <span style=\"color: #008000;\"><a href=\"https:\/\/www.zsskolnivr.cz\/wp-content\/files\/dusan\/napsalionas\/Denik_ptaci_sklo.pdf\">ZDE<\/a><\/span><\/span><\/strong><\/p>\n<p><strong>Krkono\u0161e a Jizersk\u00e9 hory 7, 2020:<\/strong> <span style=\"color: #800000;\"><strong>Mlad\u00ed ladili panely: <a href=\"https:\/\/www.zsskolnivr.cz\/wp-content\/files\/dusan\/napsalionas\/Krkonose7_panely.pdf\">ZDE<\/a><\/strong><\/span><\/p>\n<p><strong>Newsletter \u0160kola pro udr\u017eiteln\u00fd \u017eivot, <span style=\"color: #800000;\">D &#8211; DUR s rou\u0161kou<\/span><span style=\"color: #993300;\">:<a href=\"https:\/\/www.zsskolnivr.cz\/wp-content\/files\/dusan\/napsalionas\/NewsletterSUZ_cerven2020.pdf\">ZDE<\/a><\/span><\/strong><\/p>\n<p><strong>Puls &#8211; \u010dasopis m\u011bsta Vrchlab\u00ed, \u010derven 2020<\/strong>, <strong><span style=\"color: #800000;\">Grantov\u00e9 programy: <a href=\"https:\/\/www.zsskolnivr.cz\/wp-content\/files\/dusan\/napsalionas\/Grantove_programy.pdf\">ZDE<\/a><\/span><\/strong><\/p>\n<p><strong>Newsletter \u0160kola pro udr\u017eiteln\u00fd \u017eivot, <span style=\"color: #993300;\">Mlad\u00ed lad\u00ed D-DUR: <a href=\"https:\/\/www.zsskolnivr.cz\/wp-content\/files\/dusan\/napsalionas\/NewsletterSUZ_brezen2020.pdf\">ZDE<\/a><\/span><\/strong><\/p>\n<p><strong>Puls &#8211; \u010dasopis m\u011bsta vrchlab\u00ed, <\/strong><strong><span style=\"color: #993300;\">iQ Landia polytechnick\u00e9 vzd\u011bl\u00e1v\u00e1n\u00ed: <a href=\"https:\/\/www.zsskolnivr.cz\/wp-content\/files\/dusan\/napsalionas\/Pulsiqlandia2020.pdf\">ZDE<\/a><\/span><\/strong><\/p>\n<p><strong>Puls &#8211; \u010dasopis m\u011bsta Vrchlab\u00ed, \u00fanor 2019, <span style=\"color: #800000;\">Vrchlabsk\u00e9 po\u010das\u00ed 2019: <a href=\"https:\/\/www.zsskolnivr.cz\/wp-content\/files\/dusan\/napsalionas\/pocasi_2019.pdf\">ZDE<\/a><br \/>\n<\/span><\/strong><\/p>\n<p><strong>Krkono\u0161sk\u00fd den\u00edk, 15.5.2019: <span style=\"color: #800000;\">D\u011bti kreslili, jak si p\u0159edstavuj\u00ed ochranu p\u0159\u00edrody: <a href=\"https:\/\/www.zsskolnivr.cz\/wp-content\/files\/dusan\/napsalionas\/Vystava_vytvarnych_praci.pdf\">ZDE<\/a><\/span><\/strong><\/p>\n<p><strong>Ekoton 31\/b\u0159ezen 2019, buletin EVVO Kr\u00e1lov\u00e9hradeck\u00e9ho kraje, <span style=\"color: #800000;\">Zachra\u0148me Krakono\u0161ova ku\u0159\u00e1tka:<\/span>\u00a0<a href=\"https:\/\/www.zsskolnivr.cz\/wp-content\/files\/dusan\/napsalionas\/zachranme_kuratka.pdf\">ZDE<\/a><\/strong><\/p>\n<p><strong>Krkono\u0161sk\u00fd den\u00edk, 15.2.2019, <span style=\"color: #800000;\">Roboti\u00e1da:<\/span> <a href=\"https:\/\/www.zsskolnivr.cz\/wp-content\/files\/dusan\/napsalionas\/robotiada19.pdf\">ZDE<\/a><\/strong><\/p>\n<p><strong>Puls &#8211; \u010dasopis m\u011bsta Vrchlab\u00ed, \u00fanor 2019, <span style=\"color: #800000;\">Vrchlabsk\u00e9 po\u010das\u00ed 2018:<\/span> <a href=\"https:\/\/www.zsskolnivr.cz\/wp-content\/files\/dusan\/napsalionas\/pocasi_2018.pdf\">ZDE<\/a><\/strong><\/p>\n<p>&nbsp;<\/p>\n","protected":false},"excerpt":{"rendered":"<p>Na t\u00e9to str\u00e1nce najdete \u010dl\u00e1nky publikovan\u00e9 o na\u0161\u00ed \u0161kole od roku 2019 (form\u00e1t pdf): Krkono\u0161sk\u00fd Den\u00edk, 30.11.2020: Obrazce atom\u016f a molekul zachra\u0148uj\u00ed pta\u010d\u00ed \u017eivoty: ZDE Krkono\u0161e a Jizersk\u00e9 hory 7, 2020: Mlad\u00ed ladili panely: ZDE Newsletter \u0160kola pro udr\u017eiteln\u00fd \u017eivot, <a href=\"https:\/\/www.zsskolnivr.cz\/?page_id=9036\" class=\"read-more\">Read More &#8230;<\/a><\/p>\n","protected":false},"author":3,"featured_media":0,"parent":0,"menu_order":0,"comment_status":"closed","ping_status":"closed","template":"","meta":{"ngg_post_thumbnail":0,"footnotes":""},"class_list":["post-9036","page","type-page","status-publish","hentry"],"_links":{"self":[{"href":"https:\/\/www.zsskolnivr.cz\/index.php?rest_route=\/wp\/v2\/pages\/9036","targetHints":{"allow":["GET"]}}],"collection":[{"href":"https:\/\/www.zsskolnivr.cz\/index.php?rest_route=\/wp\/v2\/pages"}],"about":[{"href":"https:\/\/www.zsskolnivr.cz\/index.php?rest_route=\/wp\/v2\/types\/page"}],"author":[{"embeddable":true,"href":"https:\/\/www.zsskolnivr.cz\/index.php?rest_route=\/wp\/v2\/users\/3"}],"replies":[{"embeddable":true,"href":"https:\/\/www.zsskolnivr.cz\/index.php?rest_route=%2Fwp%2Fv2%2Fcomments&post=9036"}],"version-history":[{"count":23,"href":"https:\/\/www.zsskolnivr.cz\/index.php?rest_route=\/wp\/v2\/pages\/9036\/revisions"}],"predecessor-version":[{"id":12163,"href":"https:\/\/www.zsskolnivr.cz\/index.php?rest_route=\/wp\/v2\/pages\/9036\/revisions\/12163"}],"wp:attachment":[{"href":"https:\/\/www.zsskolnivr.cz\/index.php?rest_route=%2Fwp%2Fv2%2Fmedia&parent=9036"}],"curies":[{"name":"wp","href":"https:\/\/api.w.org\/{rel}","templated":true}]}}

Napsali o nás

<p><span style="color: #800000;"><strong>Na této stránce najdete články publikované o naší škole od roku 2019 </strong>(formát pdf)<strong>:</strong></span></p>
<p><strong>Krkonošský Deník, 30.11.2020: <span style="color: #993300;">Obrazce atomů a molekul zachraňují ptačí životy: <span style="color: #008000;"><a href="https://www.zsskolnivr.cz/wp-content/files/dusan/napsalionas/Denik_ptaci_sklo.pdf">ZDE</a></span></span></strong></p>
<p><strong>Krkonoše a Jizerské hory 7, 2020:</strong> <span style="color: #800000;"><strong>Mladí ladili panely: <a href="https://www.zsskolnivr.cz/wp-content/files/dusan/napsalionas/Krkonose7_panely.pdf">ZDE</a></strong></span></p>
<p><strong>Newsletter Škola pro udržitelný život, <span style="color: #800000;">D &#8211; DUR s rouškou</span><span style="color: #993300;">:<a href="https://www.zsskolnivr.cz/wp-content/files/dusan/napsalionas/NewsletterSUZ_cerven2020.pdf">ZDE</a></span></strong></p>
<p><strong>Puls &#8211; časopis města Vrchlabí, červen 2020</strong>, <strong><span style="color: #800000;">Grantové programy: <a href="https://www.zsskolnivr.cz/wp-content/files/dusan/napsalionas/Grantove_programy.pdf">ZDE</a></span></strong></p>
<p><strong>Newsletter Škola pro udržitelný život, <span style="color: #993300;">Mladí ladí D-DUR: <a href="https://www.zsskolnivr.cz/wp-content/files/dusan/napsalionas/NewsletterSUZ_brezen2020.pdf">ZDE</a></span></strong></p>
<p><strong>Puls &#8211; časopis města vrchlabí, </strong><strong><span style="color: #993300;">iQ Landia polytechnické vzdělávání: <a href="https://www.zsskolnivr.cz/wp-content/files/dusan/napsalionas/Pulsiqlandia2020.pdf">ZDE</a></span></strong></p>
<p><strong>Puls &#8211; časopis města Vrchlabí, únor 2019, <span style="color: #800000;">Vrchlabské počasí 2019: <a href="https://www.zsskolnivr.cz/wp-content/files/dusan/napsalionas/pocasi_2019.pdf">ZDE</a><br />
</span></strong></p>
<p><strong>Krkonošský deník, 15.5.2019: <span style="color: #800000;">Děti kreslili, jak si představují ochranu přírody: <a href="https://www.zsskolnivr.cz/wp-content/files/dusan/napsalionas/Vystava_vytvarnych_praci.pdf">ZDE</a></span></strong></p>
<p><strong>Ekoton 31/březen 2019, buletin EVVO Královéhradeckého kraje, <span style="color: #800000;">Zachraňme Krakonošova kuřátka:</span> <a href="https://www.zsskolnivr.cz/wp-content/files/dusan/napsalionas/zachranme_kuratka.pdf">ZDE</a></strong></p>
<p><strong>Krkonošský deník, 15.2.2019, <span style="color: #800000;">Robotiáda:</span> <a href="https://www.zsskolnivr.cz/wp-content/files/dusan/napsalionas/robotiada19.pdf">ZDE</a></strong></p>
<p><strong>Puls &#8211; časopis města Vrchlabí, únor 2019, <span style="color: #800000;">Vrchlabské počasí 2018:</span> <a href="https://www.zsskolnivr.cz/wp-content/files/dusan/napsalionas/pocasi_2018.pdf">ZDE</a></strong></p>
<p>&nbsp;</p>

<p>Na této stránce najdete články publikované o naší škole od roku 2019 (formát pdf): Krkonošský Deník, 30.11.2020: Obrazce atomů a molekul zachraňují ptačí životy: ZDE Krkonoše a Jizerské hory 7, 2020: Mladí ladili panely: ZDE Newsletter Škola pro udržitelný život, <a href="https://www.zsskolnivr.cz/?page_id=9036" class="read-more">Read More &#8230;</a></p>
